-- https://www.phpmyadmin.net/
--

START TRANSACTION;



--
-- Database: `viperproSaas`
--

-- --------------------------------------------------------

--
-- Table structure for table `affiliate_commissions`
--

CREATE TABLE `affiliate_commissions` (
  `id` bigint UNSIGNED NOT NULL,
  `user_id` int UNSIGNED NOT NULL,
  `inviter` int UNSIGNED NOT NULL,
  `commission_type` varchar(191) CHARACTER SET utf8mb4 COLLATE utf8mb4_unicode_ci DEFAULT NULL,
  `commission_paid` decimal(10,2) NOT NULL DEFAULT '0.00',
  `created_at` timestamp NULL DEFAULT NULL,
  `updated_at` timestamp NULL DEFAULT NULL
) ENGINE=MyISAM DEFAULT CHARSET=utf8mb4 COLLATE=utf8mb4_unicode_ci ROW_FORMAT=DYNAMIC;

-- --------------------------------------------------------

--
-- Table structure for table `affiliate_histories`
--

CREATE TABLE `affiliate_histories` (
  `id` bigint UNSIGNED NOT NULL,
  `user_id` int UNSIGNED NOT NULL,
  `inviter` int UNSIGNED NOT NULL,
  `commission` decimal(20,2) NOT NULL DEFAULT '0.00',
  `commission_type` varchar(191) CHARACTER SET utf8mb4 COLLATE utf8mb4_unicode_ci DEFAULT NULL,
  `bet_type` varchar(10) CHARACTER SET utf8mb4 COLLATE utf8mb4_unicode_ci NOT NULL,
  `status` tinyint NOT NULL DEFAULT '0',
  `created_at` timestamp NULL DEFAULT NULL,
  `updated_at` timestamp NULL DEFAULT NULL
) ENGINE=MyISAM DEFAULT CHARSET=utf8mb4 COLLATE=utf8mb4_unicode_ci ROW_FORMAT=DYNAMIC;

-- --------------------------------------------------------

--
-- Table structure for table `affiliate_withdraws`
--

CREATE TABLE `affiliate_withdraws` (
  `id` bigint UNSIGNED NOT NULL,
  `payment_id` varchar(191) CHARACTER SET utf8mb4 COLLATE utf8mb4_unicode_ci DEFAULT NULL,
  `user_id` bigint UNSIGNED NOT NULL,
  `amount` decimal(20,2) NOT NULL DEFAULT '0.00',
  `proof` varchar(191) CHARACTER SET utf8mb4 COLLATE utf8mb4_unicode_ci DEFAULT NULL,
  `status` tinyint NOT NULL DEFAULT '0',
  `pix_key` varchar(191) CHARACTER SET utf8mb4 COLLATE utf8mb4_unicode_ci DEFAULT NULL,
  `pix_type` varchar(191) CHARACTER SET utf8mb4 COLLATE utf8mb4_unicode_ci DEFAULT NULL,
  `type` varchar(50) CHARACTER SET utf8mb4 COLLATE utf8mb4_unicode_ci DEFAULT NULL,
  `bank_info` text CHARACTER SET utf8mb4 COLLATE utf8mb4_unicode_ci,
  `currency` varchar(50) CHARACTER SET utf8mb4 COLLATE utf8mb4_unicode_ci DEFAULT NULL,
  `symbol` varchar(50) CHARACTER SET utf8mb4 COLLATE utf8mb4_unicode_ci DEFAULT NULL,
  `created_at` timestamp NULL DEFAULT NULL,
  `updated_at` timestamp NULL DEFAULT NULL,
  `in_queue` tinyint NOT NULL DEFAULT '0',
  `errors` json DEFAULT NULL
) ENGINE=MyISAM DEFAULT CHARSET=utf8mb4 COLLATE=utf8mb4_unicode_ci ROW_FORMAT=DYNAMIC;

-- --------------------------------------------------------

--
-- Table structure for table `banners`
--

CREATE TABLE `banners` (
  `id` bigint UNSIGNED NOT NULL,
  `link` varchar(191) CHARACTER SET utf8mb4 COLLATE utf8mb4_unicode_ci DEFAULT NULL,
  `image` varchar(191) CHARACTER SET utf8mb4 COLLATE utf8mb4_unicode_ci NOT NULL,
  `type` varchar(20) CHARACTER SET utf8mb4 COLLATE utf8mb4_unicode_ci NOT NULL DEFAULT 'home',
  `description` text CHARACTER SET utf8mb4 COLLATE utf8mb4_unicode_ci,
  `created_at` timestamp NULL DEFAULT NULL,
  `updated_at` timestamp NULL DEFAULT NULL
) ENGINE=MyISAM DEFAULT CHARSET=utf8mb4 COLLATE=utf8mb4_unicode_ci ROW_FORMAT=DYNAMIC;

--
-- Dumping data for table `banners`
--

INSERT INTO `banners` (`id`, `link`, `image`, `type`, `description`, `created_at`, `updated_at`) VALUES
(22, '#', '01J2CJX3B595K3B6V2HDCTJA1N.jpg', 'home', NULL, '2024-07-09 11:58:03', '2024-07-09 11:58:03'),
(23, '#', '01J2CJXPG84WFHF4QKKX0FAMYS.jpg', 'home', NULL, '2024-07-09 11:58:22', '2024-07-09 11:58:22'),
(8, '#', '01HWC3XDAECXMWEETYKYPZQSZX.png', 'carousel', '...', '2024-01-13 04:11:09', '2024-04-25 12:01:53');

-- --------------------------------------------------------

--
-- Table structure for table `bonuses`
--

CREATE TABLE `bonuses` (
  `id` bigint UNSIGNED NOT NULL,
  `name` varchar(191) CHARACTER SET utf8mb4 COLLATE utf8mb4_unicode_ci NOT NULL,
  `code` varchar(191) CHARACTER SET utf8mb4 COLLATE utf8mb4_unicode_ci NOT NULL,
  `amount` decimal(20,2) NOT NULL DEFAULT '0.00',
  `validity` datetime NOT NULL,
  `limit_per_user` int NOT NULL,
  `created_at` timestamp NULL DEFAULT NULL,
  `updated_at` timestamp NULL DEFAULT NULL
) ENGINE=MyISAM DEFAULT CHARSET=utf8mb4 COLLATE=utf8mb4_unicode_ci ROW_FORMAT=DYNAMIC;

--
-- Dumping data for table `bonuses`
--

INSERT INTO `bonuses` (`id`, `name`, `code`, `amount`, `validity`, `limit_per_user`, `created_at`, `updated_at`) VALUES
(1, 'Bem vindos', 'WELCOME', 500.00, '2025-06-30 17:14:45', 0, '2024-04-29 08:45:24', '2024-04-29 08:45:24'),
(2, 'Welcome Bonus 2', 'VIPINTEST', 40.00, '2025-04-30 14:44:59', 10, '2025-04-14 00:45:06', '2025-04-14 01:10:02'),
(3, '', '', 0.00, '0000-00-00 00:00:00', 0, '2025-05-07 04:23:06', '2025-05-07 04:23:06'),
(4, 'Welcome Bonus', 'welcome50', 50.00, '0000-00-00 00:00:00', 1, '2025-05-07 05:19:34', '2025-05-07 05:19:34');

-- --------------------------------------------------------

--
-- Table structure for table `categories`
--

CREATE TABLE `categories` (
  `id` bigint UNSIGNED NOT NULL,
  `name` varchar(191) CHARACTER SET utf8mb4 COLLATE utf8mb4_unicode_ci NOT NULL,
  `description` varchar(191) CHARACTER SET utf8mb4 COLLATE utf8mb4_unicode_ci NOT NULL,
  `image` varchar(191) CHARACTER SET utf8mb4 COLLATE utf8mb4_unicode_ci DEFAULT NULL,
  `slug` varchar(191) CHARACTER SET utf8mb4 COLLATE utf8mb4_unicode_ci DEFAULT NULL,
  `created_at` timestamp NULL DEFAULT NULL,
  `updated_at` timestamp NULL DEFAULT NULL
) ENGINE=MyISAM DEFAULT CHARSET=utf8mb4 COLLATE=utf8mb4_unicode_ci ROW_FORMAT=DYNAMIC;

--
-- Dumping data for table `categories`
--

INSERT INTO `categories` (`id`, `name`, `description`, `image`, `slug`, `created_at`, `updated_at`) VALUES
(1, 'Todos', 'All Games', NULL, 'todos', '2023-11-13 03:29:07', '2023-12-24 00:43:59'),
(17, 'Slots', 'Slots', NULL, 'slots', '2023-12-24 00:36:46', '2024-01-28 23:52:25'),
(18, 'Cartas', 'Cartas', NULL, 'cartas', '2023-12-24 00:40:01', '2023-12-24 00:40:01'),
(19, 'Ao vivo', 'Cassino ao vivo', NULL, 'ao-vivo', '2023-12-24 00:42:36', '2023-12-24 00:43:44'),
(20, 'Popular', 'Popular', NULL, 'popular', '2023-12-24 00:49:42', '2024-01-28 23:52:41'),
(21, 'Roletas', 'Roletas', NULL, 'roletas', '2023-12-24 08:33:48', '2023-12-24 08:33:48');

-- --------------------------------------------------------

--
-- Table structure for table `category_game`
--

CREATE TABLE `category_game` (
  `category_id` bigint UNSIGNED NOT NULL,
  `game_id` bigint UNSIGNED NOT NULL
) ENGINE=MyISAM DEFAULT CHARSET=utf8mb4 COLLATE=utf8mb4_unicode_ci ROW_FORMAT=FIXED;

--
-- Dumping data for table `category_game`
--

INSERT INTO `category_game` (`category_id`, `game_id`) VALUES
(1, 631),
(17, 631),
(1, 634),
(17, 632),
(1, 632),
(17, 633),
(17, 634),
(1, 633),
(17, 635),
(1, 635),
(17, 636),
(1, 636),
(17, 637),
(1, 637),
(17, 638),
(1, 638),
(17, 639),
(17, 640),
(1, 640),
(17, 641),
(1, 641),
(1, 639),
(17, 642),
(1, 642),
(19, 1520),
(19, 1457),
(19, 1444),
(19, 1449),
(19, 1514),
(17, 1380),
(20, 6709),
(1, 6709),
(19, 6925),
(19, 7300),
(17, 8680),
(17, 12035),
(17, 8728),
(17, 8738),
(19, 8931),
(17, 12043),
(17, 12042),
(17, 12040),
(19, 9173),
(19, 9172),
(19, 9161),
(17, 9169),
(19, 9159),
(17, 3),
(1, 3),
(17, 1),
(1, 1),
(17, 2),
(1, 2),
(1, 4),
(17, 4),
(17, 5),
(1, 5),
(17, 1233),
(1, 1233),
(17, 1331),
(1, 1331),
(17, 1221),
(1, 1221),
(17, 1223),
(1, 1223),
(17, 1225),
(1, 1225),
(19, 1335),
(17, 1335),
(1, 1336),
(17, 1336),
(17, 1227),
(1, 1227),
(17, 1234),
(1, 1234),
(17, 1235),
(1, 1235),
(17, 1243),
(1, 1243),
(1, 1241),
(17, 1241),
(17, 1219),
(1, 1219),
(1, 1337),
(17, 1337);

-- --------------------------------------------------------

--
-- Table structure for table `contact_messages`
--

CREATE TABLE `contact_messages` (
  `id` bigint UNSIGNED NOT NULL,
  `user_id` bigint DEFAULT NULL,
  `name` varchar(191) CHARACTER SET utf8mb4 COLLATE utf8mb4_unicode_ci NOT NULL,
  `email` varchar(191) CHARACTER SET utf8mb4 COLLATE utf8mb4_unicode_ci NOT NULL,
  `subject` varchar(191) CHARACTER SET utf8mb4 COLLATE utf8mb4_unicode_ci NOT NULL,
  `phone` varchar(191) CHARACTER SET utf8mb4 COLLATE utf8mb4_unicode_ci NOT NULL,
  `message` varchar(191) CHARACTER SET utf8mb4 COLLATE utf8mb4_unicode_ci NOT NULL,
  `read` tinyint DEFAULT '0',
  `created_at` timestamp NULL DEFAULT NULL,
  `updated_at` timestamp NULL DEFAULT NULL
) ENGINE=MyISAM DEFAULT CHARSET=utf8mb4 COLLATE=utf8mb4_unicode_ci ROW_FORMAT=DYNAMIC;

--
-- Dumping data for table `contact_messages`
--

INSERT INTO `contact_messages` (`id`, `user_id`, `name`, `email`, `subject`, `phone`, `message`, `read`, `created_at`, `updated_at`) VALUES
(1, 53, 'CIS', 'test123@mailinator.com', 'Test Contact', '846133151', 'Test Contact form', 0, '2025-04-11 04:32:43', '2025-04-11 04:45:40'),
(2, 55, 'Vipin test 1', 'test2@mailinator.com', 'Testing', '', 'Testing  by VIP', 0, '2025-04-11 04:57:41', '2025-04-11 04:57:41'),
(3, 55, 'test', 'test2@mailinator.com', 'API integration', '', 'TEst', 0, '2025-04-14 00:33:27', '2025-04-14 00:33:27'),
(4, 55, 'Vipin CIS222', 'vipin.p@cisinlabs.com', 'Testing', '08770051945', 'TestingTestingTestingTestingTestingTesting', 0, '2025-04-14 00:40:35', '2025-04-23 04:29:08'),
(5, 54, 'Vipin CIS', 'vipin.p@cisinlabs.com', 'API integration', '08770051945', 'Hello this is testing', 0, '2025-04-22 22:34:10', '2025-04-22 22:34:10'),
(6, NULL, 'VIpin 1258963', 'vipin.p@cisinlabs.com', 'API integration', '08770051945', 'HEllo', 0, '2025-06-04 02:04:38', '2025-06-04 02:04:38');

-- --------------------------------------------------------

--
-- Table structure for table `currencies`
--

CREATE TABLE `currencies` (
  `id` bigint UNSIGNED NOT NULL,
  `name` varchar(20) CHARACTER SET utf8mb4 COLLATE utf8mb4_unicode_ci NOT NULL,
  `code` varchar(3) CHARACTER SET utf8mb4 COLLATE utf8mb4_unicode_ci NOT NULL,
  `symbol` varchar(5) CHARACTER SET utf8mb4 COLLATE utf8mb4_unicode_ci NOT NULL,
  `created_at` timestamp NULL DEFAULT NULL,
  `updated_at` timestamp NULL DEFAULT NULL
) ENGINE=MyISAM DEFAULT CHARSET=utf8mb4 COLLATE=utf8mb4_unicode_ci ROW_FORMAT=DYNAMIC;

--
-- Dumping data for table `currencies`
--

INSERT INTO `currencies` (`id`, `name`, `code`, `symbol`, `created_at`, `updated_at`) VALUES
(1, 'Leke', 'ALL', 'Lek', '2023-11-07 03:31:38', NULL),
(2, 'Dollars', 'USD', '$', '2023-11-07 03:31:38', NULL),
(3, 'Afghanis', 'AFN', '؋', '2023-11-07 03:31:38', NULL),
(4, 'Pesos', 'ARS', '$', '2023-11-07 03:31:38', NULL),
(5, 'Guilders', 'AWG', 'ƒ', '2023-11-07 03:31:38', NULL),
(6, 'Dollars', 'AUD', '$', '2023-11-07 03:31:38', NULL),
(7, 'New Manats', 'AZN', 'ман', '2023-11-07 03:31:38', NULL),
(8, 'Dollars', 'BSD', '$', '2023-11-07 03:31:38', NULL),
(9, 'Dollars', 'BBD', '$', '2023-11-07 03:31:38', NULL),
(10, 'Rubles', 'BYR', 'p.', '2023-11-07 03:31:38', NULL),
(11, 'Euro', 'EUR', '€', '2023-11-07 03:31:38', NULL),
(12, 'Dollars', 'BZD', 'BZ$', '2023-11-07 03:31:38', NULL),
(13, 'Dollars', 'BMD', '$', '2023-11-07 03:31:38', NULL),
(14, 'Bolivianos', 'BOB', '$b', '2023-11-07 03:31:38', NULL),
(15, 'Convertible Marka', 'BAM', 'KM', '2023-11-07 03:31:38', NULL),
(16, 'Pula', 'BWP', 'P', '2023-11-07 03:31:38', NULL),
(17, 'Leva', 'BGN', 'лв', '2023-11-07 03:31:38', NULL),
(18, 'Reais', 'BRL', 'R$', '2023-11-07 03:31:38', NULL),
(19, 'Pounds', 'GBP', '£', '2023-11-07 03:31:38', NULL),
(20, 'Dollars', 'BND', '$', '2023-11-07 03:31:38', NULL),
(21, 'Riels', 'KHR', '៛', '2023-11-07 03:31:38', NULL),
(22, 'Dollars', 'CAD', '$', '2023-11-07 03:31:38', NULL),
(23, 'Dollars', 'KYD', '$', '2023-11-07 03:31:38', NULL),
(24, 'Pesos', 'CLP', '$', '2023-11-07 03:31:38', NULL),
(25, 'Yuan Renminbi', 'CNY', '¥', '2023-11-07 03:31:38', NULL),
(26, 'Pesos', 'COP', '$', '2023-11-07 03:31:38', NULL),
(27, 'Colón', 'CRC', '₡', '2023-11-07 03:31:38', NULL),
(28, 'Kuna', 'HRK', 'kn', '2023-11-07 03:31:38', NULL),
(29, 'Pesos', 'CUP', '₱', '2023-11-07 03:31:38', NULL),
(30, 'Koruny', 'CZK', 'Kč', '2023-11-07 03:31:38', NULL),
(31, 'Kroner', 'DKK', 'kr', '2023-11-07 03:31:38', NULL),
(32, 'Pesos', 'DOP', 'RD$', '2023-11-07 03:31:38', NULL),
(33, 'Dollars', 'XCD', '$', '2023-11-07 03:31:38', NULL),
(34, 'Pounds', 'EGP', '£', '2023-11-07 03:31:38', NULL),
(35, 'Colones', 'SVC', '$', '2023-11-07 03:31:38', NULL),
(36, 'Pounds', 'FKP', '£', '2023-11-07 03:31:38', NULL),
(37, 'Dollars', 'FJD', '$', '2023-11-07 03:31:38', NULL),
(38, 'Cedis', 'GHC', '¢', '2023-11-07 03:31:38', NULL),
(39, 'Pounds', 'GIP', '£', '2023-11-07 03:31:38', NULL),
(40, 'Quetzales', 'GTQ', 'Q', '2023-11-07 03:31:38', NULL),
(41, 'Pounds', 'GGP', '£', '2023-11-07 03:31:38', NULL),
(42, 'Dollars', 'GYD', '$', '2023-11-07 03:31:38', NULL),
(43, 'Lempiras', 'HNL', 'L', '2023-11-07 03:31:38', NULL),
(44, 'Dollars', 'HKD', '$', '2023-11-07 03:31:38', NULL),
(45, 'Forint', 'HUF', 'Ft', '2023-11-07 03:31:38', NULL),
(46, 'Kronur', 'ISK', 'kr', '2023-11-07 03:31:38', NULL),
(47, 'Rupees', 'INR', 'Rp', '2023-11-07 03:31:38', NULL),
(48, 'Rupiahs', 'IDR', 'Rp', '2023-11-07 03:31:38', NULL),
(49, 'Rials', 'IRR', '﷼', '2023-11-07 03:31:38', NULL),
(50, 'Pounds', 'IMP', '£', '2023-11-07 03:31:38', NULL),
(51, 'New Shekels', 'ILS', '₪', '2023-11-07 03:31:38', NULL),
(52, 'Dollars', 'JMD', 'J$', '2023-11-07 03:31:38', NULL),
(53, 'Yen', 'JPY', '¥', '2023-11-07 03:31:38', NULL),
(54, 'Pounds', 'JEP', '£', '2023-11-07 03:31:38', NULL),
(55, 'Tenge', 'KZT', 'лв', '2023-11-07 03:31:38', NULL),
(56, 'Won', 'KPW', '₩', '2023-11-07 03:31:38', NULL),
(57, 'Won', 'KRW', '₩', '2023-11-07 03:31:38', NULL),
(58, 'Soms', 'KGS', 'лв', '2023-11-07 03:31:38', NULL),
(59, 'Kips', 'LAK', '₭', '2023-11-07 03:31:38', NULL),
(60, 'Lati', 'LVL', 'Ls', '2023-11-07 03:31:38', NULL),
(61, 'Pounds', 'LBP', '£', '2023-11-07 03:31:38', NULL),
(62, 'Dollars', 'LRD', '$', '2023-11-07 03:31:38', NULL),
(63, 'Switzerland Francs', 'CHF', 'CHF', '2023-11-07 03:31:38', NULL),
(64, 'Litai', 'LTL', 'Lt', '2023-11-07 03:31:38', NULL),
(65, 'Denars', 'MKD', 'ден', '2023-11-07 03:31:38', NULL),
(66, 'Ringgits', 'MYR', 'RM', '2023-11-07 03:31:38', NULL),
(67, 'Rupees', 'MUR', '₨', '2023-11-07 03:31:38', NULL),
(68, 'Pesos', 'MXN', '$', '2023-11-07 03:31:38', NULL),
(69, 'Tugriks', 'MNT', '₮', '2023-11-07 03:31:38', NULL),
(70, 'Meticais', 'MZN', 'MT', '2023-11-07 03:31:38', NULL),
(71, 'Dollars', 'NAD', '$', '2023-11-07 03:31:38', NULL),
(72, 'Rupees', 'NPR', '₨', '2023-11-07 03:31:38', NULL),
(73, 'Guilders', 'ANG', 'ƒ', '2023-11-07 03:31:38', NULL),
(74, 'Dollars', 'NZD', '$', '2023-11-07 03:31:38', NULL),
(75, 'Cordobas', 'NIO', 'C$', '2023-11-07 03:31:38', NULL),
(76, 'Nairas', 'NGN', '₦', '2023-11-07 03:31:38', NULL),
(77, 'Krone', 'NOK', 'kr', '2023-11-07 03:31:38', NULL),
(78, 'Rials', 'OMR', '﷼', '2023-11-07 03:31:38', NULL),
(79, 'Rupees', 'PKR', '₨', '2023-11-07 03:31:38', NULL),
(80, 'Balboa', 'PAB', 'B/.', '2023-11-07 03:31:38', NULL),
(81, 'Guarani', 'PYG', 'Gs', '2023-11-07 03:31:38', NULL),
(82, 'Nuevos Soles', 'PEN', 'S/.', '2023-11-07 03:31:38', NULL),
(83, 'Pesos', 'PHP', 'Php', '2023-11-07 03:31:38', NULL),
(84, 'Zlotych', 'PLN', 'zł', '2023-11-07 03:31:38', NULL),
(85, 'Rials', 'QAR', '﷼', '2023-11-07 03:31:38', NULL),
(86, 'New Lei', 'RON', 'lei', '2023-11-07 03:31:38', NULL),
(87, 'Rubles', 'RUB', 'руб', '2023-11-07 03:31:38', NULL),
(88, 'Pounds', 'SHP', '£', '2023-11-07 03:31:38', NULL),
(89, 'Riyals', 'SAR', '﷼', '2023-11-07 03:31:38', NULL),
(90, 'Dinars', 'RSD', 'Дин.', '2023-11-07 03:31:38', NULL),
(91, 'Rupees', 'SCR', '₨', '2023-11-07 03:31:38', NULL),
(92, 'Dollars', 'SGD', '$', '2023-11-07 03:31:38', NULL),
(93, 'Dollars', 'SBD', '$', '2023-11-07 03:31:38', NULL),
(94, 'Shillings', 'SOS', 'S', '2023-11-07 03:31:38', NULL),
(95, 'Rand', 'ZAR', 'R', '2023-11-07 03:31:38', NULL),
(96, 'Rupees', 'LKR', '₨', '2023-11-07 03:31:38', NULL),
(97, 'Kronor', 'SEK', 'kr', '2023-11-07 03:31:38', NULL),
(98, 'Dollars', 'SRD', '$', '2023-11-07 03:31:38', NULL),
(99, 'Pounds', 'SYP', '£', '2023-11-07 03:31:38', NULL),
(100, 'New Dollars', 'TWD', 'NT$', '2023-11-07 03:31:38', NULL),
(101, 'Baht', 'THB', '฿', '2023-11-07 03:31:38', NULL),
(102, 'Dollars', 'TTD', 'TT$', '2023-11-07 03:31:38', NULL),
(103, 'Lira', 'TRY', '₺', '2023-11-07 03:31:38', NULL),
(104, 'Liras', 'TRL', '£', '2023-11-07 03:31:38', NULL),
(105, 'Dollars', 'TVD', '$', '2023-11-07 03:31:38', NULL),
(106, 'Hryvnia', 'UAH', '₴', '2023-11-07 03:31:38', NULL),
(107, 'Pesos', 'UYU', '$U', '2023-11-07 03:31:38', NULL),
(108, 'Sums', 'UZS', 'лв', '2023-11-07 03:31:38', NULL),
(109, 'Bolivares Fuertes', 'VEF', 'Bs', '2023-11-07 03:31:38', NULL),
(110, 'Dong', 'VND', '₫', '2023-11-07 03:31:38', NULL),
(111, 'Rials', 'YER', '﷼', '2023-11-07 03:31:38', NULL),
(112, 'Zimbabwe Dollars', 'ZWD', 'Z$', '2023-11-07 03:31:38', NULL),
(113, 'Rupees', 'INR', '₹', '2023-11-07 03:31:38', NULL);

-- --------------------------------------------------------

--
-- Table structure for table `currency_alloweds`
--

CREATE TABLE `currency_alloweds` (
  `id` bigint UNSIGNED NOT NULL,
  `currency_id` bigint UNSIGNED NOT NULL,
  `active` tinyint(1) NOT NULL DEFAULT '1',
  `created_at` timestamp NULL DEFAULT NULL,
  `updated_at` timestamp NULL DEFAULT NULL
) ENGINE=MyISAM DEFAULT CHARSET=utf8mb4 COLLATE=utf8mb4_unicode_ci ROW_FORMAT=FIXED;

-- --------------------------------------------------------

--
-- Table structure for table `custom_layouts`
--

CREATE TABLE `custom_layouts` (
  `id` bigint UNSIGNED NOT NULL,
  `font_family_default` varchar(191) CHARACTER SET utf8mb4 COLLATE utf8mb4_unicode_ci DEFAULT NULL,
  `primary_color` varchar(20) CHARACTER SET utf8mb4 COLLATE utf8mb4_unicode_ci NOT NULL DEFAULT '#0073D2',
  `primary_color_dark` varchar(20) CHARACTER SET utf8mb4 COLLATE utf8mb4_unicode_ci DEFAULT '#0073D2',
  `primary_opacity_color` varchar(20) CHARACTER SET utf8mb4 COLLATE utf8mb4_unicode_ci DEFAULT NULL,
  `secundary_color` varchar(20) CHARACTER SET utf8mb4 COLLATE utf8mb4_unicode_ci NOT NULL DEFAULT '#084375',
  `secundary_opacity_color` varchar(20) CHARACTER SET utf8mb4 COLLATE utf8mb4_unicode_ci DEFAULT NULL,
  `gray_dark_color` varchar(20) CHARACTER SET utf8mb4 COLLATE utf8mb4_unicode_ci NOT NULL DEFAULT '#3b3b3b',
  `gray_light_color` varchar(20) CHARACTER SET utf8mb4 COLLATE utf8mb4_unicode_ci NOT NULL DEFAULT '#c9c9c9',
  `gray_medium_color` varchar(20) CHARACTER SET utf8mb4 COLLATE utf8mb4_unicode_ci NOT NULL DEFAULT '#676767',
  `gray_over_color` varchar(20) CHARACTER SET utf8mb4 COLLATE utf8mb4_unicode_ci NOT NULL DEFAULT '#1A1C20',
  `title_color` varchar(20) CHARACTER SET utf8mb4 COLLATE utf8mb4_unicode_ci NOT NULL DEFAULT '#ffffff',
  `text_color` varchar(20) CHARACTER SET utf8mb4 COLLATE utf8mb4_unicode_ci NOT NULL DEFAULT '#98A7B5',
  `sub_text_color` varchar(20) CHARACTER SET utf8mb4 COLLATE utf8mb4_unicode_ci NOT NULL DEFAULT '#656E78',
  `placeholder_color` varchar(20) CHARACTER SET utf8mb4 COLLATE utf8mb4_unicode_ci NOT NULL DEFAULT '#4D565E',
  `background_color` varchar(20) CHARACTER SET utf8mb4 COLLATE utf8mb4_unicode_ci NOT NULL DEFAULT '#24262B',
  `background_base` varchar(20) CHARACTER SET utf8mb4 COLLATE utf8mb4_unicode_ci DEFAULT '#ECEFF1',
  `background_base_dark` varchar(20) CHARACTER SET utf8mb4 COLLATE utf8mb4_unicode_ci DEFAULT '#24262B',
  `carousel_banners` varchar(20) CHARACTER SET utf8mb4 COLLATE utf8mb4_unicode_ci DEFAULT '#1E2024',
  `carousel_banners_dark` varchar(20) CHARACTER SET utf8mb4 COLLATE utf8mb4_unicode_ci DEFAULT '#1E2024',
  `sidebar_color` varchar(20) CHARACTER SET utf8mb4 COLLATE utf8mb4_unicode_ci DEFAULT NULL,
  `sidebar_color_dark` varchar(20) CHARACTER SET utf8mb4 COLLATE utf8mb4_unicode_ci DEFAULT NULL,
  `navtop_color` varchar(20) CHARACTER SET utf8mb4 COLLATE utf8mb4_unicode_ci DEFAULT NULL,
  `navtop_color_dark` varchar(20) CHARACTER SET utf8mb4 COLLATE utf8mb4_unicode_ci DEFAULT NULL,
  `side_menu` varchar(20) CHARACTER SET utf8mb4 COLLATE utf8mb4_unicode_ci DEFAULT NULL,
  `side_menu_dark` varchar(20) CHARACTER SET utf8mb4 COLLATE utf8mb4_unicode_ci DEFAULT NULL,
  `input_primary` varchar(20) CHARACTER SET utf8mb4 COLLATE utf8mb4_unicode_ci DEFAULT NULL,
  `input_primary_dark` varchar(20) CHARACTER SET utf8mb4 COLLATE utf8mb4_unicode_ci DEFAULT NULL,
  `footer_color` varchar(20) CHARACTER SET utf8mb4 COLLATE utf8mb4_unicode_ci DEFAULT NULL,
  `footer_color_dark` varchar(20) CHARACTER SET utf8mb4 COLLATE utf8mb4_unicode_ci DEFAULT NULL,
  `card_color` varchar(20) CHARACTER SET utf8mb4 COLLATE utf8mb4_unicode_ci DEFAULT NULL,
  `card_color_dark` varchar(20) CHARACTER SET utf8mb4 COLLATE utf8mb4_unicode_ci DEFAULT NULL,
  `border_radius` varchar(20) CHARACTER SET utf8mb4 COLLATE utf8mb4_unicode_ci NOT NULL DEFAULT '.25rem',
  `custom_css` text CHARACTER SET utf8mb4 COLLATE utf8mb4_unicode_ci,
  `custom_js` text CHARACTER SET utf8mb4 COLLATE utf8mb4_unicode_ci,
  `custom_header` longtext CHARACTER SET utf8mb4 COLLATE utf8mb4_unicode_ci,
  `custom_body` longtext CHARACTER SET utf8mb4 COLLATE utf8mb4_unicode_ci,
  `created_at` timestamp NULL DEFAULT NULL,
  `updated_at` timestamp NULL DEFAULT NULL,
  `instagram` varchar(191) CHARACTER SET utf8mb4 COLLATE utf8mb4_unicode_ci DEFAULT NULL,
  `facebook` varchar(191) CHARACTER SET utf8mb4 COLLATE utf8mb4_unicode_ci DEFAULT NULL,
  `telegram` varchar(191) CHARACTER SET utf8mb4 COLLATE utf8mb4_unicode_ci DEFAULT NULL,
  `twitter` varchar(191) CHARACTER SET utf8mb4 COLLATE utf8mb4_unicode_ci DEFAULT NULL,
  `whastapp` varchar(191) CHARACTER SET utf8mb4 COLLATE utf8mb4_unicode_ci DEFAULT NULL,
  `youtube` varchar(191) CHARACTER SET utf8mb4 COLLATE utf8mb4_unicode_ci DEFAULT NULL,
  `loading_logo` varchar(191) CHARACTER SET utf8mb4 COLLATE utf8mb4_unicode_ci DEFAULT NULL,
  `loading_text` varchar(191) CHARACTER SET utf8mb4 COLLATE utf8mb4_unicode_ci DEFAULT NULL,
  `loading_color` varchar(191) CHARACTER SET utf8mb4 COLLATE utf8mb4_unicode_ci DEFAULT NULL,
  `background_base_image` varchar(191) CHARACTER SET utf8mb4 COLLATE utf8mb4_unicode_ci DEFAULT NULL,
  `background_base_image_dark` varchar(191) CHARACTER SET utf8mb4 COLLATE utf8mb4_unicode_ci DEFAULT NULL,
  `link_color` varchar(20) CHARACTER SET utf8mb4 COLLATE utf8mb4_unicode_ci NOT NULL DEFAULT '#0D310D',
  `link_color_hover` varchar(20) CHARACTER SET utf8mb4 COLLATE utf8mb4_unicode_ci NOT NULL DEFAULT '#0D310D',
  `navtop_border_color` varchar(20) CHARACTER SET utf8mb4 COLLATE utf8mb4_unicode_ci NOT NULL DEFAULT '#0D310D',
  `sidebar_border_color` varchar(20) CHARACTER SET utf8mb4 COLLATE utf8mb4_unicode_ci NOT NULL DEFAULT '#0D310D',
  `footer_border_color` varchar(20) CHARACTER SET utf8mb4 COLLATE utf8mb4_unicode_ci NOT NULL DEFAULT '#0D310D',
  `divider_border_color` varchar(20) CHARACTER SET utf8mb4 COLLATE utf8mb4_unicode_ci NOT NULL DEFAULT '#0D310D',
  `background_gradient_a` varchar(20) CHARACTER SET utf8mb4 COLLATE utf8mb4_unicode_ci NOT NULL DEFAULT '#12370E',
  `background_gradient_b` varchar(20) CHARACTER SET utf8mb4 COLLATE utf8mb4_unicode_ci NOT NULL DEFAULT '#0D310D',
  `background_gradient_c` varchar(20) CHARACTER SET utf8mb4 COLLATE utf8mb4_unicode_ci NOT NULL DEFAULT '#0D310D',
  `background_gradient_d` varchar(20) CHARACTER SET utf8mb4 COLLATE utf8mb4_unicode_ci NOT NULL DEFAULT '#0D310D',
  `button_gradient_a` varchar(20) CHARACTER SET utf8mb4 COLLATE utf8mb4_unicode_ci NOT NULL DEFAULT '#223E16FF',
  `button_gradient_b` varchar(20) CHARACTER SET utf8mb4 COLLATE utf8mb4_unicode_ci NOT NULL DEFAULT '#223E16',
  `button_gradient_c` varchar(20) CHARACTER SET utf8mb4 COLLATE utf8mb4_unicode_ci NOT NULL DEFAULT '#097912FF'
) ENGINE=MyISAM DEFAULT CHARSET=utf8mb4 COLLATE=utf8mb4_unicode_ci ROW_FORMAT=DYNAMIC;

--
-- Dumping data for table `custom_layouts`
--

INSERT INTO `custom_layouts` (`id`, `font_family_default`, `primary_color`, `primary_color_dark`, `primary_opacity_color`, `secundary_color`, `secundary_opacity_color`, `gray_dark_color`, `gray_light_color`, `gray_medium_color`, `gray_over_color`, `title_color`, `text_color`, `sub_text_color`, `placeholder_color`, `background_color`, `background_base`, `background_base_dark`, `carousel_banners`, `carousel_banners_dark`, `sidebar_color`, `sidebar_color_dark`, `navtop_color`, `navtop_color_dark`, `side_menu`, `side_menu_dark`, `input_primary`, `input_primary_dark`, `footer_color`, `footer_color_dark`, `card_color`, `card_color_dark`, `border_radius`, `custom_css`, `custom_js`, `custom_header`, `custom_body`, `created_at`, `updated_at`, `instagram`, `facebook`, `telegram`, `twitter`, `whastapp`, `youtube`, `loading_logo`, `loading_text`, `loading_color`, `background_base_image`, `background_base_image_dark`, `link_color`, `link_color_hover`, `navtop_border_color`, `sidebar_border_color`, `footer_border_color`, `divider_border_color`, `background_gradient_a`, `background_gradient_b`, `background_gradient_c`, `background_gradient_d`, `button_gradient_a`, `button_gradient_b`, `button_gradient_c`) VALUES
(1, 'GothamMedium', '#f70101', '#ff0039', '#510000', '#5a1b1b', '#08437522', '#120606', '#c9c9c9', '#210606', '#1f1919', '#ffffff', '#98A7B5', '#656E78', '#4D565E', '#0C1B09', '#120606', '#120606', '#bdbdbd', '#120606', '#08db10', '#210b0b', '#120606', '#120606', '#828282', '#24262B', '#dedede', '#1E2024', '#210808', '#210808', '#ababab', '#1E2024', '.25rem', NULL, NULL, NULL, NULL, '2024-01-01 00:06:03', '2025-04-24 04:14:12', 'https://www.instagram.com/', 'https://www.instagram.com/', 'https://www.instagram.com/', 'https://www.instagram.com/', 'https://www.instagram.com/', 'https://www.instagram.com/', NULL, 'Carregando os dados', '#000000', NULL, NULL, '#300d0d', '#300d0d', '#300d0d', '#300d0d', '#300d0d', '#300d0d', '#380e0e', '#0D310D', '#300d0d', '#300d0d', '#3d1515', '#3d1515', '#780808FF');

-- --------------------------------------------------------

--
-- Table structure for table `custom_terms`
--

CREATE TABLE `custom_terms` (
  `id` bigint UNSIGNED NOT NULL,
  `service_terms` text CHARACTER SET utf8mb4 COLLATE utf8mb4_unicode_ci,
  `privacy_policy` text CHARACTER SET utf8mb4 COLLATE utf8mb4_unicode_ci,
  `bonus_terms` text CHARACTER SET utf8mb4 COLLATE utf8mb4_unicode_ci,
  `affiliate_terms` text CHARACTER SET utf8mb4 COLLATE utf8mb4_unicode_ci,
  `cookies_policy` text CHARACTER SET utf8mb4 COLLATE utf8mb4_unicode_ci,
  `terms_and_conditions` text CHARACTER SET utf8mb4 COLLATE utf8mb4_unicode_ci,
  `created_at` timestamp NULL DEFAULT NULL,
  `updated_at` timestamp NULL DEFAULT NULL
) ENGINE=MyISAM DEFAULT CHARSET=utf8mb4 COLLATE=utf8mb4_unicode_ci ROW_FORMAT=DYNAMIC;

--
-- Dumping data for table `custom_terms`
--

INSERT INTO `custom_terms` (`id`, `service_terms`, `privacy_policy`, `bonus_terms`, `affiliate_terms`, `cookies_policy`, `terms_and_conditions`, `created_at`, `updated_at`) VALUES
(1, '<p>&nbsp;<strong>Termos de Serviços<br></strong><br>Texto do termos de Serviço&nbsp;</p>', '<p>&nbsp;<strong>Politica de Privacidade<br></strong><br>Texto do Politica de privacidade&nbsp;</p>', '<p>&nbsp;<strong>Termos de Bônus<br></strong><br>Texto do termos de bonus&nbsp;</p>', '<p>&nbsp;<strong>Termos de Afiliados<br></strong><br>Texto do termos de afiliado&nbsp;</p>', '<p>&nbsp; <strong>Termos de Cookies<br></strong><br>Texto do termos de cookies&nbsp;</p>', '<p>&nbsp; &nbsp;<strong>Termos e condições<br></strong><br>Texto do termos e condições&nbsp;</p>', '2024-05-01 17:18:27', '2024-05-01 17:37:10');

-- --------------------------------------------------------

--
-- Table structure for table `debug`
--

CREATE TABLE `debug` (
  `text` longtext CHARACTER SET utf8mb4 COLLATE utf8mb4_bin
) ENGINE=MyISAM DEFAULT CHARSET=utf8mb4 COLLATE=utf8mb4_general_ci ROW_FORMAT=DYNAMIC;

--
-- Dumping data for table `debug`
--

INSERT INTO `debug` (`text`) VALUES
('\"PlaceBet: 914806915\"'),
('\"PlaceBet: 914806915\"'),
('\"AwardWinnings: 914806915\"'),
('\"PlaceBet: 914806916\"'),
('\"AwardWinnings: 914806916\"'),
('\"PlaceBet: 914806916\"'),
('\"PlaceBet: 914806917\"'),
('\"PlaceBet: 914806918\"'),
('\"AwardWinnings: 914806918\"'),
('\"PlaceBet: 914806918\"'),
('\"PlaceBet: 914806919\"'),
('\"AwardWinnings: 914806919\"'),
('\"AwardWinnings: 914806919\"'),
('\"PlaceBet: 914806920\"'),
('\"PlaceBet: 914806921\"'),
('\"AwardWinnings: 914806921\"'),
('\"PlaceBet: 535367\"'),
('\"PlaceBet: 154646\"'),
('\"PlaceBet: 914806922\"'),
('\"PlaceBet: 914806923\"'),
('\"PlaceBet: 914806924\"'),
('\"AwardWinnings: 914806924\"');

-- --------------------------------------------------------

--
-- Table structure for table `deposits`
--

CREATE TABLE `deposits` (
  `id` bigint UNSIGNED NOT NULL,
  `payment_id` varchar(191) CHARACTER SET utf8mb4 COLLATE utf8mb4_unicode_ci DEFAULT NULL,
  `user_id` bigint UNSIGNED NOT NULL,
  `amount` decimal(20,2) NOT NULL DEFAULT '0.00',
  `type` varchar(191) CHARACTER SET utf8mb4 COLLATE utf8mb4_unicode_ci NOT NULL,
  `proof` varchar(191) CHARACTER SET utf8mb4 COLLATE utf8mb4_unicode_ci DEFAULT NULL,
  `status` tinyint NOT NULL DEFAULT '0',
  `currency` varchar(50) CHARACTER SET utf8mb4 COLLATE utf8mb4_unicode_ci DEFAULT NULL,
  `symbol` varchar(50) CHARACTER SET utf8mb4 COLLATE utf8mb4_unicode_ci DEFAULT NULL,
  `created_at` timestamp NULL DEFAULT NULL,
  `updated_at` timestamp NULL DEFAULT NULL
) ENGINE=MyISAM DEFAULT CHARSET=utf8mb4 COLLATE=utf8mb4_unicode_ci ROW_FORMAT=DYNAMIC;

-- --------------------------------------------------------

--
-- Table structure for table `digito_pay_payments`
--

CREATE TABLE `digito_pay_payments` (
  `id` bigint UNSIGNED NOT NULL,
  `payment_id` varchar(191) CHARACTER SET utf8mb4 COLLATE utf8mb4_unicode_ci DEFAULT NULL,
  `user_id` int UNSIGNED NOT NULL,
  `withdrawal_id` int UNSIGNED NOT NULL,
  `pix_key` varchar(191) CHARACTER SET utf8mb4 COLLATE utf8mb4_unicode_ci NOT NULL,
  `pix_type` varchar(191) CHARACTER SET utf8mb4 COLLATE utf8mb4_unicode_ci NOT NULL,
  `amount` decimal(10,2) NOT NULL DEFAULT '0.00',
  `observation` text CHARACTER SET utf8mb4 COLLATE utf8mb4_unicode_ci,
  `status` tinyint NOT NULL DEFAULT '0',
  `created_at` timestamp NULL DEFAULT NULL,
  `updated_at` timestamp NULL DEFAULT NULL
) ENGINE=MyISAM DEFAULT CHARSET=utf8mb4 COLLATE=utf8mb4_unicode_ci ROW_FORMAT=DYNAMIC;

-- --------------------------------------------------------

--
-- Table structure for table `domains`
--

CREATE TABLE `domains` (
  `id` int UNSIGNED NOT NULL,
  `domain` varchar(255) COLLATE utf8mb4_unicode_ci NOT NULL,
  `tenant_id` varchar(191) COLLATE utf8mb4_unicode_ci NOT NULL,
  `app_name` varchar(191) COLLATE utf8mb4_unicode_ci NOT NULL,
  `created_at` timestamp NULL DEFAULT NULL,
  `updated_at` timestamp NULL DEFAULT NULL
) ENGINE=InnoDB DEFAULT CHARSET=utf8mb4 COLLATE=utf8mb4_unicode_ci;

--
-- Dumping data for table `domains`
--

INSERT INTO `domains` (`id`, `domain`, `tenant_id`, `app_name`, `created_at`, `updated_at`) VALUES
(1, 'tenant1.localhost', 'a56189e1-1c39-424d-9990-7e79596008ad', 'Tanent1 Game', '2025-05-20 05:32:24', '2025-05-20 05:32:24'),
(3, 'Tanent_1.localhost', '6700f79d-e738-4fb7-9917-b5f0f6d87884', 'Tanent_1', '2025-05-21 06:36:03', '2025-05-21 06:36:03'),
(6, 'tenant2.100xbet.live', '4d11e841-f836-4e76-a93b-f4b6475e1ce3', 'Tanent2 Game', '2025-05-26 23:45:01', '2025-05-26 23:45:01'),
(7, 'tenant4.100xbet.live', '2e3700b2-959c-4293-840e-89c7f9621f64', 'Tenant4 Game', '2025-05-28 02:12:22', '2025-05-28 02:12:22');

-- --------------------------------------------------------

--
-- Table structure for table `failed_jobs`
--

CREATE TABLE `failed_jobs` (
  `id` bigint UNSIGNED NOT NULL,
  `uuid` varchar(191) CHARACTER SET utf8mb4 COLLATE utf8mb4_unicode_ci NOT NULL,
  `connection` text CHARACTER SET utf8mb4 COLLATE utf8mb4_unicode_ci NOT NULL,
  `queue` text CHARACTER SET utf8mb4 COLLATE utf8mb4_unicode_ci NOT NULL,
  `payload` longtext CHARACTER SET utf8mb4 COLLATE utf8mb4_unicode_ci NOT NULL,
  `exception` longtext CHARACTER SET utf8mb4 COLLATE utf8mb4_unicode_ci NOT NULL,
  `failed_at` timestamp NOT NULL DEFAULT CURRENT_TIMESTAMP
) ENGINE=MyISAM DEFAULT CHARSET=utf8mb4 COLLATE=utf8mb4_unicode_ci ROW_FORMAT=DYNAMIC;

-- --------------------------------------------------------

--
-- Table structure for table `games`
--

CREATE TABLE `games` (
  `id` bigint UNSIGNED NOT NULL,
  `provider_id` int UNSIGNED NOT NULL,
  `game_server_url` varchar(191) CHARACTER SET utf8mb4 COLLATE utf8mb4_unicode_ci DEFAULT NULL,
  `game_id` varchar(191) CHARACTER SET utf8mb4 COLLATE utf8mb4_unicode_ci NOT NULL,
  `game_name` varchar(191) CHARACTER SET utf8mb4 COLLATE utf8mb4_unicode_ci NOT NULL,
  `game_code` varchar(191) CHARACTER SET utf8mb4 COLLATE utf8mb4_unicode_ci NOT NULL,
  `game_type` varchar(191) CHARACTER SET utf8mb4 COLLATE utf8mb4_unicode_ci DEFAULT NULL,
  `description` varchar(191) CHARACTER SET utf8mb4 COLLATE utf8mb4_unicode_ci DEFAULT NULL,
  `cover` varchar(191) CHARACTER SET utf8mb4 COLLATE utf8mb4_unicode_ci DEFAULT NULL,
  `status` varchar(191) CHARACTER SET utf8mb4 COLLATE utf8mb4_unicode_ci NOT NULL,
  `technology` varchar(191) CHARACTER SET utf8mb4 COLLATE utf8mb4_unicode_ci DEFAULT NULL,
  `has_lobby` tinyint NOT NULL DEFAULT '0',
  `is_mobile` tinyint NOT NULL DEFAULT '0',
  `has_freespins` tinyint NOT NULL DEFAULT '0',
  `has_tables` tinyint NOT NULL DEFAULT '0',
  `only_demo` tinyint DEFAULT '0',
  `rtp` bigint NOT NULL COMMENT 'Controle de RTP em porcentagem',
  `distribution` varchar(191) CHARACTER SET utf8mb4 COLLATE utf8mb4_unicode_ci NOT NULL COMMENT 'O nome do provedor',
  `views` bigint NOT NULL DEFAULT '0',
  `is_featured` tinyint(1) DEFAULT '0',
  `show_home` tinyint(1) DEFAULT '0',
  `created_at` timestamp NULL DEFAULT NULL,
  `updated_at` timestamp NULL DEFAULT NULL
) ENGINE=MyISAM DEFAULT CHARSET=utf8mb4 COLLATE=utf8mb4_unicode_ci ROW_FORMAT=DYNAMIC;

--
-- Dumping data for table `games`
--

INSERT INTO `games` (`id`, `provider_id`, `game_server_url`, `game_id`, `game_name`, `game_code`, `game_type`, `description`, `cover`, `status`, `technology`, `has_lobby`, `is_mobile`, `has_freespins`, `has_tables`, `only_demo`, `rtp`, `distribution`, `views`, `is_featured`, `show_home`, `created_at`, `updated_at`) VALUES
(1, 154, NULL, 'pg-126', 'Fortune Tiger', 'fortune-tiger', 'slots', NULL, '01HWQWKB0V803Y55NGH5ZCQDEB.webp', '1', 'html5', 0, 0, 0, 0, 0, 90, 'venixcg', 169, 1, 1, '2024-04-07 01:05:05', '2025-04-16 05:00:05'),
(2, 154, NULL, 'pg-68', 'Fortune Mouse', 'fortune-mouse', 'slots', NULL, '01HWQWGK2S067DFP9T1B8TJF9N.webp', '1', 'html5', 0, 0, 0, 0, 0, 90, 'venixcg', 6, 1, 1, '2024-04-07 01:05:06', '2025-04-07 02:01:37'),
(3, 154, NULL, 'pg-98', 'Fortune Ox', 'fortune-ox', 'slots', NULL, '01HWQWJA9EJ9KTZ35TTYW1MHSZ.webp', '1', 'html5', 0, 0, 0, 0, 0, 90, 'venixcg', 4, 1, 1, '2024-04-07 01:05:06', '2024-05-18 17:13:26'),
(4, 154, NULL, 'pg-1543462', 'Fortune Rabbit', 'fortune-rabbit', 'slots', NULL, '01HWQW969DQ6YG25WM4EHH67NF.webp', '1', 'html5', 0, 0, 0, 0, 0, 90, 'venixcg', 3, 1, 1, '2024-04-07 01:05:07', '2024-05-29 11:30:35'),
(5, 154, NULL, 'pg-1695365', 'Fortune Dragon', 'fortune-dragon', 'slots', NULL, '01HWQWEWYVNQZPHPHSMXGSR7RP.webp', '1', 'html5', 0, 0, 0, 0, 0, 90, 'venixcg', 17, 1, 1, '2024-04-07 01:05:07', '2024-05-18 17:48:37'),
(1335, 162, NULL, 'darwin-luvabet', 'Luva Melhor do Mundo', 'luvabet', 'steps', NULL, '01HYYBWCTT9DM1F7TQD57CR7P5.webp', '1', 'html5', 0, 0, 0, 0, 0, 90, 'venixcg', 34, 0, 1, NULL, '2024-05-27 16:38:52'),
(1336, 162, NULL, 'darwin-luvamines', 'Luva Mines', 'luva-mines', 'steps', NULL, '01HYYBWBQB7E1VARB4BKMDF4P3.webp', '1', 'html5', 0, 0, 0, 0, 0, 90, 'venixcg', 61, 0, 1, NULL, '2024-05-27 16:38:51'),
(1219, 154, NULL, 'pg-1', 'Honey Trap of Diao Chan', 'diaochan', 'slots', NULL, '01HWQTSM1DS52BCR3A793R86HA.webp', '1', 'html5', 0, 0, 0, 0, 0, 90, 'venixcg', 4, 0, 1, '2024-04-16 10:34:36', '2024-05-18 18:38:36'),
(1221, 154, NULL, 'pg-3', 'Fortune Gods', 'fortune-gods', 'slots', NULL, '01HWQTTWPYYKFTXGXK7ES8EEDV.webp', '1', 'html5', 0, 0, 0, 0, 0, 90, 'venixcg', 2, 0, 1, '2024-04-16 10:34:36', '2024-05-18 18:38:53'),
(1223, 154, NULL, 'pg-7', 'Medusa 1: The Curse of Athena', 'medusa', 'slots', NULL, '01HWQTXVKB9P4C9HM9096QVG3H.webp', '1', 'html5', 0, 0, 0, 0, 0, 90, 'venixcg', 3, 0, 1, '2024-04-16 10:34:36', '2024-07-07 19:04:28'),
(1225, 154, NULL, 'pg-20', 'Reel Love', 'reel-love', 'slots', NULL, '01HWQWN91CXN3FDXM5FGMNRRZM.webp', '1', 'html5', 0, 0, 0, 0, 0, 90, 'venixcg', 2, 0, 1, '2024-04-16 10:34:36', '2024-05-18 18:40:05'),
(1227, 154, NULL, 'pg-25', 'Plushie Frenzy', 'plushie-frenzy', 'slots', NULL, '01HWQVHKMBPHBQME975MAYB5JT.webp', '1', 'html5', 0, 0, 0, 0, 0, 90, 'venixcg', 3, 0, 1, '2024-04-16 10:34:36', '2024-04-30 04:26:31'),
(1233, 154, NULL, 'pg-35', 'Mr. Hallow-Win', 'mr-hallow-win', 'slots', NULL, '01HWQVEVQGYGP4Y35660RYE2Z9.webp', '1', 'html5', 0, 0, 0, 0, 0, 90, 'venixcg', 8, 1, 1, '2024-04-16 10:34:36', '2025-04-11 07:24:59'),
(1234, 154, NULL, 'pg-36', 'Prosperity Lion', 'prosperity-lion', 'slots', NULL, '01HWQVXF5QNVPT8Q52399CHZC3.webp', '1', 'html5', 0, 0, 0, 0, 0, 90, 'venixcg', 0, 0, 1, '2024-04-16 10:34:36', '2024-04-30 04:33:00'),
(1235, 154, NULL, 'pg-37', 'Santa\'s Gift Rush', 'santas-gift-rush', 'slots', NULL, '01HWQW02S2CXBH7RNJ5CB0WHG7.webp', '1', 'html5', 0, 0, 0, 0, 0, 90, 'venixcg', 0, 0, 1, '2024-04-16 10:34:36', '2024-04-30 04:34:40'),
(1238, 154, NULL, 'pg-40', 'Jungle Delight', 'jungle-delight', 'slots', NULL, '01HWQW1W90V7GSSZZ55NM45EJQ.webp', '1', 'html5', 0, 0, 0, 0, 0, 90, 'venixcg', 0, 0, 1, '2024-04-16 10:34:36', '2024-04-30 04:35:42'),
(1241, 154, NULL, 'pg-44', 'Emperor\'s Favour', 'emperors-favour', 'slots', NULL, '01HWQW3Y03068M8YJPGCXKNR0P.webp', '1', 'html5', 0, 0, 0, 0, 0, 90, 'venixcg', 0, 0, 1, '2024-04-16 10:34:36', '2024-05-18 17:15:00'),
(1243, 154, NULL, 'pg-50', 'Journey to the Wealth', 'journey-to-the-wealth', 'slots', NULL, '01HWQW7K02BVWN58X1NXJTSCD6.webp', '1', 'html5', 0, 0, 0, 0, 0, 90, 'venixcg', 0, 0, 1, '2024-04-16 10:34:36', '2024-05-18 17:15:44'),
(1331, 154, NULL, 'pg-1601012', 'Lucky Clover Lady', 'lucky-clover', 'slots', NULL, '01HWQTQMN7GEDTQ77M6QQZG5DM.webp', '1', 'html5', 0, 0, 0, 0, 1, 90, 'venixcg', 4, 0, 1, '2024-04-16 10:34:37', '2025-04-24 03:50:14'),
(1337, 164, NULL, 'nt-narcos', 'Narcos', 'nt-narcos', 'slots', NULL, '01HYYC2TPFJ9ABKTJ9JPAEX2SQ.jpg', '1', 'html5', 0, 0, 0, 0, 0, 90, 'venixcg', 1, 0, 1, '2024-05-27 16:42:23', '2025-04-07 02:03:48'),
(1338, 165, NULL, 'p1-wildbeachparty', 'Wild Beach Party', 'WildBeachParty', 'slots', NULL, 'pragmatic1/wild-beach-party.jpg', '1', 'html5', 0, 0, 0, 0, 0, 50, 'venixcg', 0, 0, 0, NULL, NULL),
(1339, 165, NULL, 'p1-vampiresvswolves', 'Vampires vs Wolves', 'VampiresvsWolves', 'slots', NULL, 'pragmatic1/vampires-vs-wolves.jpg', '1', 'html5', 0, 0, 0, 0, 0, 50, 'venixcg', 0, 0, 0, NULL, NULL),
(1340, 165, NULL, 'p1-tweetyhouse', 'Tweety House', 'TweetyHouse', 'slots', NULL, 'pragmatic1/tweety-house.jpg', '1', 'html5', 0, 0, 0, 0, 0, 50, 'venixcg', 0, 0, 0, NULL, NULL),
(1341, 165, NULL, 'p1-thetigerwarrior', 'The Tiger Warrior', 'TheTigerWarrior', 'slots', NULL, 'pragmatic1/the-tiger-warrior.jpg', '1', 'html5', 0, 0, 0, 0, 0, 50, 'venixcg', 0, 0, 0, NULL, NULL),
(1342, 165, NULL, 'p1-thedoghouse', 'The Dog House', 'TheDogHouse', 'slots', NULL, 'pragmatic1/the-dog-house.jpg', '1', 'html5', 0, 0, 0, 0, 0, 50, 'venixcg', 0, 0, 0, NULL, NULL),
(1343, 165, NULL, 'p1-talesofegypt', 'Tales of Egypt', 'TalesofEgypt', 'slots', NULL, 'pragmatic1/tales-of-egypt.jpg', '1', 'html5', 0, 0, 0, 0, 0, 50, 'venixcg', 0, 0, 0, NULL, NULL),
(1344, 165, NULL, 'p1-sweetbonanzaxmas', 'Sweet Bonanza Xmas', 'SweetBonanzaXmas', 'slots', NULL, 'pragmatic1/sweet-bonanza-xmas.jpg', '1', 'html5', 0, 0, 0, 0, 0, 50, 'venixcg', 0, 0, 0, NULL, NULL),
(1345, 165, NULL, 'p1-sweetbonanza', 'Sweet Bonanza', 'SweetBonanza', 'slots', NULL, 'pragmatic1/sweet-bonanza.jpg', '1', 'html5', 0, 0, 0, 0, 0, 50, 'venixcg', 0, 0, 0, NULL, NULL),
(1346, 165, NULL, 'p1-super7s', 'Super 7s', 'Super7s', 'slots', NULL, 'pragmatic1/super-7s.jpg', '1', 'html5', 0, 0, 0, 0, 0, 50, 'venixcg', 0, 0, 0, NULL, NULL),
(1347, 165, NULL, 'p1-sugarrush', 'Sugar Rush', 'SugarRush', 'slots', NULL, 'pragmatic1/sugar-rush.jpg', '1', 'html5', 0, 0, 0, 0, 0, 50, 'venixcg', 0, 0, 0, NULL, NULL),
(1348, 165, NULL, 'p1-strikinghot5', 'Striking Hot - 5', 'StrikingHot5', 'slots', NULL, 'pragmatic1/striking-hot-5.jpg', '1', 'html5', 0, 0, 0, 0, 0, 50, 'venixcg', 0, 0, 0, NULL, NULL),
(1349, 165, NULL, 'p1-starlightprincess', 'Starlight Princess', 'StarlightPrincess', 'slots', NULL, 'pragmatic1/starlight-princess.jpg', '1', 'html5', 0, 0, 0, 0, 0, 50, 'venixcg', 0, 0, 0, NULL, NULL),
(1350, 165, NULL, 'p1-shininghot5', 'Shining Hot 5', 'ShiningHot5', 'slots', NULL, 'pragmatic1/shining-hot-5.jpg', '1', 'html5', 0, 0, 0, 0, 0, 50, 'venixcg', 0, 0, 0, NULL, NULL),
(1351, 165, NULL, 'p1-safariking', 'Safari King', 'SafariKing', 'slots', NULL, 'pragmatic1/safari-king.jpg', '1', 'html5', 0, 0, 0, 0, 0, 50, 'venixcg', 0, 0, 0, NULL, NULL),
(1352, 165, NULL, 'p1-riseofsamurai3', 'Rise of Samurai 3', 'RiseOfSamurai3', 'slots', NULL, 'pragmatic1/rise-of-samurai-3.jpg', '1', 'html5', 0, 0, 0, 0, 0, 50, 'venixcg', 0, 0, 0, NULL, NULL),
(1353, 165, NULL, 'p1-returnofthedead', 'Return Of The Dead', 'ReturnOfTtheDead', 'slots', NULL, 'pragmatic1/return-of-the-dead.jpg', '1', 'html5', 0, 0, 0, 0, 0, 50, 'venixcg', 0, 0, 0, NULL, NULL),
(1354, 165, NULL, 'p1-pyramidking', 'Pyramid King', 'PyramidKing', 'slots', NULL, 'pragmatic1/pyramid-king.jpg', '1', 'html5', 0, 0, 0, 0, 0, 50, 'venixcg', 0, 0, 0, NULL, NULL),
(1355, 165, NULL, 'p1-pyramidbonanza', 'Pyramid Bonanza', 'PyramidBonanza', 'slots', NULL, 'pragmatic1/pyramid-bonanza.jpg', '1', 'html5', 0, 0, 0, 0, 0, 50, 'venixcg', 0, 0, 0, NULL, NULL),
(1356, 165, NULL, 'p1-pirategoldenage', 'Pirate Golden Age', 'PirateGoldenAge', 'slots', NULL, 'pragmatic1/pirate-golden-age.jpg', '1', 'html5', 0, 0, 0, 0, 0, 50, 'venixcg', 0, 0, 0, NULL, NULL),
(1357, 165, NULL, 'p1-pirategolddeluxe', 'Pirate Gold Deluxe', 'PirateGoldDeluxe', 'slots', NULL, 'pragmatic1/pirate-gold-deluxe.jpg', '1', 'html5', 0, 0, 0, 0, 0, 50, 'venixcg', 0, 0, 0, NULL, NULL),
(1358, 165, NULL, 'p1-pirategold', 'Pirate Gold', 'PirateGold', 'slots', NULL, 'pragmatic1/pirate-gold.jpg', '1', 'html5', 0, 0, 0, 0, 0, 50, 'venixcg', 0, 0, 0, NULL, NULL),
(1359, 165, NULL, 'p1-pandasfortune2', 'Pandas Fortune 2', 'PandasFortune2', 'slots', NULL, '01J1GQ2KX953A0YAQ40TGZ4KWD.jpg', '1', 'html5', 0, 0, 0, 0, 0, 50, 'venixcg', 0, 0, 0, NULL, NULL),
(1360, 165, NULL, 'p1-pandasfortune', 'Pandas Fortune', 'PandasFortune', 'slots', NULL, 'pragmatic1/pandas-fortune.jpg', '1', 'html5', 0, 0, 0, 0, 0, 50, 'venixcg', 0, 0, 0, NULL, NULL),
(1361, 165, NULL, 'p1-mustanggold', 'Mustang Gold', 'MustangGold', 'slots', NULL, 'pragmatic1/mustang-gold.jpg', '1', 'html5', 0, 0, 0, 0, 0, 50, 'venixcg', 0, 0, 0, NULL, NULL),
(1362, 165, NULL, 'p1-moneymouse', 'Money Mouse', 'MoneyMouse', 'slots', NULL, 'pragmatic1/money-mouse.jpg', '1', 'html5', 0, 0, 0, 0, 0, 50, 'venixcg', 0, 0, 0, NULL, NULL),
(1363, 165, NULL, 'p1-madamedestiny', 'Madame Destiny', 'MadameDestiny', 'slots', NULL, 'pragmatic1/madame-destiny.jpg', '1', 'html5', 0, 0, 0, 0, 0, 50, 'venixcg', 0, 0, 0, NULL, NULL),
(1364, 165, NULL, 'p1-luckynewyeartigertreasures', 'Lucky New Year Tiger Treasures', 'LuckyNewYearTigerTreasures', 'slots', NULL, 'pragmatic1/lucky-new-year-tiger-treasures.jpg', '1', 'html5', 0, 0, 0, 0, 0, 50, 'venixcg', 0, 0, 0, NULL, NULL),
(1365, 165, NULL, 'p1-luckynewyear', 'Lucky New Year', 'LuckyNewYear', 'slots', NULL, 'pragmatic1/lucky-new-year.jpg', '1', 'html5', 0, 0, 0, 0, 0, 50, 'venixcg', 0, 0, 0, NULL, NULL),
(1366, 165, NULL, 'p1-ladygodiva', 'Lady Godiva', 'LadyGodiva', 'slots', NULL, 'pragmatic1/lady-godiva.jpg', '1', 'html5', 0, 0, 0, 0, 0, 50, 'venixcg', 0, 0, 0, NULL, NULL),
(1367, 165, NULL, 'p1-kingdomofasgard', 'Kingdom Of Asgard', 'KingdomOfAsgard', 'slots', NULL, 'pragmatic1/kingdom-of-asgard.jpg', '1', 'html5', 0, 0, 0, 0, 0, 50, 'venixcg', 0, 0, 0, NULL, NULL),
(1368, 165, NULL, 'p1-juicyfruits', 'Juicy Fruits', 'JuicyFruits', 'slots', NULL, 'pragmatic1/juicy-fruits.jpg', '1', 'html5', 0, 0, 0, 0, 0, 50, 'venixcg', 0, 0, 0, NULL, NULL),
(1369, 165, NULL, 'p1-jokerking', 'Joker King', 'JokerKing', 'slots', NULL, 'pragmatic1/joker-king.jpg', '1', 'html5', 0, 0, 0, 0, 0, 50, 'venixcg', 0, 0, 0, NULL, NULL),
(1370, 165, NULL, 'p1-johnhunterandthetombofthescarabqueen', 'John Hunter and the Tomb of the Scarab Queen', 'JohnHunterandtheTomboftheScarabQueen', 'slots', NULL, 'pragmatic1/john-hunter-and-the-tomb-of-the-scarab-queen.jpg', '1', 'html5', 0, 0, 0, 0, 0, 50, 'venixcg', 0, 0, 0, NULL, NULL),
(1371, 165, NULL, 'p1-johnhunterandthemayangods', 'John Hunter And The Mayan Gods', 'JohnHunterAndTheMayanGods', 'slots', NULL, 'pragmatic1/john-hunter-and-the-mayan-gods.jpg', '1', 'html5', 0, 0, 0, 0, 0, 50, 'venixcg', 0, 0, 0, NULL, NULL),
(1372, 165, NULL, 'p1-hottoburnextreme', 'Hotto Burn Extreme', 'HottoBurnExtreme', 'slots', NULL, 'pragmatic1/hot-to-burn-extreme.jpg', '1', 'html5', 0, 0, 0, 0, 0, 50, 'venixcg', 0, 0, 0, NULL, NULL),
(1373, 165, NULL, 'p1-hottoburn', 'Hot To Burn', 'HotToBurn', 'slots', NULL, 'pragmatic1/hot-to-burn.jpg', '1', 'html5', 0, 0, 0, 0, 0, 50, 'venixcg', 0, 0, 0, NULL, NULL),
(1374, 165, NULL, 'p1-hotsafari', 'Hot Safari', 'HotSafari', 'slots', NULL, 'pragmatic1/hot-safari.jpg', '1', 'html5', 0, 0, 0, 0, 0, 50, 'venixcg', 0, 0, 0, NULL, NULL),
(1375, 165, NULL, 'p1-hockeyleague', 'Hockey League', 'HockeyLeague', 'slots', NULL, 'pragmatic1/hockey-league.jpg', '1', 'html5', 0, 0, 0, 0, 0, 50, 'venixcg', 0, 0, 0, NULL, NULL),
(1376, 165, NULL, 'p1-herculessonofzeus', 'Hercules son of Zeus', 'HerculesonofZeus', 'slots', NULL, 'pragmatic1/hercules-son-of-zeus.jpg', '1', 'html5', 0, 0, 0, 0, 0, 50, 'venixcg', 0, 0, 0, NULL, NULL),
(1377, 165, NULL, 'p1-heartofrio', 'Heart of Rio', 'HeartofRio', 'slots', NULL, 'pragmatic1/heart-of-rio.jpg', '1', 'html5', 0, 0, 0, 0, 0, 50, 'venixcg', 0, 0, 0, NULL, NULL),
(1378, 165, NULL, 'p1-greatrhinodeluxe', 'Great Rhino Deluxe', 'GreatRhinoDeluxe', 'slots', NULL, 'pragmatic1/great-rhino-deluxe.jpg', '1', 'html5', 0, 0, 0, 0, 0, 50, 'venixcg', 0, 0, 0, NULL, NULL),
(1379, 165, NULL, 'p1-greatrhino', 'Great Rhino', 'GreatRhinoPM', 'slots', NULL, 'pragmatic1/great-rhino.jpg', '1', 'html5', 0, 0, 0, 0, 0, 50, 'venixcg', 0, 0, 0, NULL, NULL),
(1380, 165, NULL, 'p1-greatreef', 'Great Reef', 'GreatReef', 'slots', NULL, 'pragmatic1/great-reef.jpg', '1', 'html5', 0, 0, 0, 0, 0, 50, 'venixcg', 0, 0, 0, NULL, NULL),
(1381, 165, NULL, 'p1-goldenox', 'Golden Ox', 'GoldenOx', 'slots', NULL, 'pragmatic1/golden-ox.jpg', '1', 'html5', 0, 0, 0, 0, 0, 50, 'venixcg', 0, 0, 0, NULL, NULL),
(1382, 165, NULL, 'p1-goldrush', 'Gold Rush', 'GoldRush', 'slots', NULL, 'pragmatic1/gold-rush.jpg', '1', 'html5', 0, 0, 0, 0, 0, 50, 'venixcg', 0, 0, 0, NULL, NULL),
(1383, 165, NULL, 'p1-gloriousrome', 'Glorious Rome', 'GloriousRome', 'slots', NULL, 'pragmatic1/glorious-rome.jpg', '1', 'html5', 0, 0, 0, 0, 0, 50, 'venixcg', 0, 0, 0, NULL, NULL),
(1384, 165, NULL, 'p1-gatesofolympus', 'Gates of Olympus', 'GatesofOlympus', 'slots', NULL, 'pragmatic1/gates-of-olympus.jpg', '1', 'html5', 0, 0, 0, 0, 0, 50, 'venixcg', 0, 0, 0, NULL, NULL),
(1385, 165, NULL, 'p1-fruitrainbow', 'Fruit Rainbow', 'FruitRainbow', 'slots', NULL, 'pragmatic1/fruit-rainbow.jpg', '1', 'html5', 0, 0, 0, 0, 0, 50, 'venixcg', 0, 0, 0, NULL, NULL),
(1386, 165, NULL, 'p1-fruitparty2', 'Fruit Party 2', 'FruitParty2', 'slots', NULL, 'pragmatic1/fruit-party-2.jpg', '1', 'html5', 0, 0, 0, 0, 0, 50, 'venixcg', 0, 0, 0, NULL, NULL),
(1387, 165, NULL, 'p1-fruitparty', 'Fruit Party', 'FruitParty', 'slots', NULL, 'pragmatic1/fruit-party.jpg', '1', 'html5', 0, 0, 0, 0, 0, 50, 'venixcg', 0, 0, 0, NULL, NULL),
(1388, 165, NULL, 'p1-fortuneofgiza', 'Fortune of Giza', 'FortuneofGiza', 'slots', NULL, 'pragmatic1/fortune-of-giza.jpg', '1', 'html5', 0, 0, 0, 0, 0, 50, 'venixcg', 0, 0, 0, NULL, NULL),
(1389, 165, NULL, 'p1-fishinreels', 'Fishin Reels', 'FishinReels', 'slots', NULL, 'pragmatic1/fishin-reels.jpg', '1', 'html5', 0, 0, 0, 0, 0, 50, 'venixcg', 0, 0, 0, NULL, NULL),
(1390, 165, NULL, 'p1-firestrike', 'Fire Strike', 'FireStrike', 'slots', NULL, 'pragmatic1/fire-strike.jpg', '1', 'html5', 0, 0, 0, 0, 0, 50, 'venixcg', 0, 0, 0, NULL, NULL),
(1391, 165, NULL, 'p1-firehot5', 'Fire Hot - 5', 'FireHot5', 'slots', NULL, 'pragmatic1/fire-hot-5.jpg', '1', 'html5', 0, 0, 0, 0, 0, 50, 'venixcg', 0, 0, 0, NULL, NULL),
(1392, 165, NULL, 'p1-firehot40', 'Fire Hot - 40', 'FireHot40', 'slots', NULL, 'pragmatic1/fire-hot-40.jpg', '1', 'html5', 0, 0, 0, 0, 0, 50, 'venixcg', 0, 0, 0, NULL, NULL),
(1393, 165, NULL, 'p1-firehot20', 'Fire Hot - 20', 'FireHot20', 'slots', NULL, 'pragmatic1/fire-hot-20.jpg', '1', 'html5', 0, 0, 0, 0, 0, 50, 'venixcg', 0, 0, 0, NULL, NULL),
(1394, 165, NULL, 'p1-firehot100', 'Fire Hot - 100', 'FireHot100', 'slots', NULL, 'pragmatic1/fire-hot-100.jpg', '1', 'html5', 0, 0, 0, 0, 0, 50, 'venixcg', 0, 0, 0, NULL, NULL),
(1395, 165, NULL, 'p1-eyeofthestorm', 'Eye of the Storm', 'EyeoftheStorm', 'slots', NULL, 'pragmatic1/eye-of-the-storm.jpg', '1', 'html5', 0, 0, 0, 0, 0, 50, 'venixcg', 0, 0, 0, NULL, NULL),
(1396, 165, NULL, 'p1-extrajuicy', 'Extra Juicy', 'ExtraJuicy', 'slots', NULL, 'pragmatic1/extra-juicy.jpg', '1', 'html5', 0, 0, 0, 0, 0, 50, 'venixcg', 0, 0, 0, NULL, NULL),
(1397, 165, NULL, 'p1-egyptianfortunes', 'Egyptian Fortunes', 'EgyptianFortunes', 'slots', NULL, 'pragmatic1/egyptian-fortunes.jpg', '1', 'html5', 0, 0, 0, 0, 0, 50, 'venixcg', 0, 0, 0, NULL, NULL),
(1398, 165, NULL, 'p1-dragons888', 'Dragons 888', 'Dragons888PM', 'slots', NULL, 'pragmatic1/dragons-888.jpg', '1', 'html5', 0, 0, 0, 0, 0, 50, 'venixcg', 0, 0, 0, NULL, NULL),
(1399, 165, NULL, 'p1-dayofdead', 'Day of Dead', 'DayofDead', 'slots', NULL, 'pragmatic1/day-of-dead.jpg', '1', 'html5', 0, 0, 0, 0, 0, 50, 'venixcg', 0, 0, 0, NULL, NULL),
(1400, 165, NULL, 'p1-cowboysgold', 'Cowboys Gold', 'CowboysGold', 'slots', NULL, 'pragmatic1/cowboys-gold.jpg', '1', 'html5', 0, 0, 0, 0, 0, 50, 'venixcg', 0, 0, 0, NULL, NULL),
(1401, 165, NULL, 'p1-clovergold', 'Clover Gold', 'CloverGold', 'slots', NULL, 'pragmatic1/clover-gold.jpg', '1', 'html5', 0, 0, 0, 0, 0, 50, 'venixcg', 0, 0, 0, NULL, NULL),
(1402, 165, NULL, 'p1-cleocatra', 'Cleocatra', 'Cleocatra', 'slots', NULL, 'pragmatic1/cleocatra.jpg', '1', 'html5', 0, 0, 0, 0, 0, 50, 'venixcg', 0, 0, 0, NULL, NULL),
(1403, 165, NULL, 'p1-christmasbigbassbonanza', 'Christmas Big Bass Bonanza', 'ChristmasBigBassBonanza', 'slots', NULL, 'pragmatic1/christmas-big-bass-bonanza.jpg', '1', 'html5', 0, 0, 0, 0, 0, 50, 'venixcg', 0, 0, 0, NULL, NULL),
(1404, 165, NULL, 'p1-chilliheat', 'Chilli Heat', 'ChilliHeat', 'slots', NULL, 'pragmatic1/chilli-heat.jpg', '1', 'html5', 0, 0, 0, 0, 0, 50, 'venixcg', 0, 0, 0, NULL, NULL),
(1405, 165, NULL, 'p1-cashpatrol', 'Cash Patrol', 'CashPatrol', 'slots', NULL, 'pragmatic1/cash-patrol.jpg', '1', 'html5', 0, 0, 0, 0, 0, 50, 'venixcg', 0, 0, 0, NULL, NULL),
(1406, 165, NULL, 'p1-candyvillage', 'Candy Village', 'CandyVillage', 'slots', NULL, 'pragmatic1/candy-village.jpg', '1', 'html5', 0, 0, 0, 0, 0, 50, 'venixcg', 0, 0, 0, NULL, NULL),
(1407, 165, NULL, 'p1-bullfiesta', 'Bull Fiesta', 'BullFiesta', 'slots', NULL, 'pragmatic1/bull-fiesta.jpg', '1', 'html5', 0, 0, 0, 0, 0, 50, 'venixcg', 0, 0, 0, NULL, NULL),
(1408, 165, NULL, 'p1-bubblepop', 'Bubble Pop', 'BubblePop', 'slots', NULL, 'pragmatic1/bubble-pop.jpg', '1', 'html5', 0, 0, 0, 0, 0, 50, 'venixcg', 0, 0, 0, NULL, NULL),
(1409, 165, NULL, 'p1-bookoftutrespin', 'BookofTutRespin', 'BookofTutRespin', 'slots', NULL, '01J1GQ4VBM98AW7CH10XETVNKK.webp', '1', 'html5', 0, 0, 0, 0, 0, 50, 'venixcg', 0, 0, 0, NULL, NULL),
(1410, 165, NULL, 'p1-bookofvikings', 'Book of Vikings', 'BookofVikings', 'slots', NULL, 'pragmatic1/book-of-vikings.jpg', '1', 'html5', 0, 0, 0, 0, 0, 50, 'venixcg', 0, 0, 0, NULL, NULL),
(1411, 165, NULL, 'p1-bookoftutpm', 'Book of Tut PM', 'BookofTutPM', 'slots', NULL, 'pragmatic1/book-of-tut-pm.jpg', '1', 'html5', 0, 0, 0, 0, 0, 50, 'venixcg', 0, 0, 0, NULL, NULL),
(1412, 165, NULL, 'p1-bookofthefallen', 'Book of the Fallen', 'BookoftheFallen', 'slots', NULL, '01J1GPZ00T2GT0H8B5RAP7DAB0.webp', '1', 'html5', 0, 0, 0, 0, 0, 50, 'venixcg', 0, 0, 0, NULL, NULL),
(1413, 165, NULL, 'p1-bookofkingdoms', 'Book of Kingdoms', 'BookofKingdoms', 'slots', NULL, 'pragmatic1/book-of-kingdoms.jpg', '1', 'html5', 0, 0, 0, 0, 0, 50, 'venixcg', 0, 0, 0, NULL, NULL),
(1414, 165, NULL, 'p1-bookofeldorado', 'Book Of ELDorado', 'BookOfELDorado', 'slots', NULL, 'pragmatic1/book-of-eldorado.jpg', '1', 'html5', 0, 0, 0, 0, 0, 50, 'venixcg', 0, 0, 0, NULL, NULL),
(1415, 165, NULL, 'p1-bookofaztecking', 'Book of Aztec King', 'BookofAztecKing', 'slots', NULL, 'pragmatic1/book-of-aztec-king.jpg', '1', 'html5', 0, 0, 0, 0, 0, 50, 'venixcg', 0, 0, 0, NULL, NULL),
(1416, 165, NULL, 'p1-bonanzagold', 'Bonanza Gold', 'BonanzaGold', 'slots', NULL, 'pragmatic1/bonanza-gold.jpg', '1', 'html5', 0, 0, 0, 0, 0, 50, 'venixcg', 0, 0, 0, NULL, NULL),
(1417, 165, NULL, 'p1-biggerbassbonanza', 'Bigger Bass Bonanza', 'BiggerBassBonanza', 'slots', NULL, 'pragmatic1/bigger-bass-bonanza.jpg', '1', 'html5', 0, 0, 0, 0, 0, 50, 'venixcg', 0, 0, 0, NULL, NULL),
(1418, 165, NULL, 'p1-biggerbassblizzard', 'Bigger Bass Blizzard', 'BiggerBassBlizzard', 'slots', NULL, 'pragmatic1/bigger-bass-blizzard.jpg', '1', 'html5', 0, 0, 0, 0, 0, 50, 'venixcg', 0, 0, 0, NULL, NULL),
(1419, 165, NULL, 'p1-bigbasssplash', 'Big Bass Splash', 'BigBassSplash', 'slots', NULL, 'pragmatic1/big-bass-splash.jpg', '1', 'html5', 0, 0, 0, 0, 0, 50, 'venixcg', 0, 0, 0, NULL, NULL),
(1420, 165, NULL, 'p1-bigbasskeepingitreel', 'Big Bass Keeping it Reel', 'BigBassKeepingitReel', 'slots', NULL, 'pragmatic1/big-bass-keeping-it-reel.jpg', '1', 'html5', 0, 0, 0, 0, 0, 50, 'venixcg', 0, 0, 0, NULL, NULL),
(1421, 165, NULL, 'p1-bigbassbonanza', 'Big Bass Bonanza', 'BigBassBonanza', 'slots', NULL, 'pragmatic1/big-bass-bonanza.jpg', '1', 'html5', 0, 0, 0, 0, 0, 50, 'venixcg', 0, 0, 0, NULL, NULL),
(1422, 165, NULL, 'p1-aztecking', 'Aztec King', 'AztecKing', 'slots', NULL, 'pragmatic1/aztec-king.jpg', '1', 'html5', 0, 0, 0, 0, 0, 50, 'venixcg', 0, 0, 0, NULL, NULL),
(1423, 165, NULL, 'p1-aztecgems', 'Aztec Gems', 'AztecGemsPM', 'slots', NULL, 'pragmatic1/aztec-gems.jpg', '1', 'html5', 0, 0, 0, 0, 0, 50, 'venixcg', 0, 0, 0, NULL, NULL),
(1424, 165, NULL, 'p1-ancientegyptclassic', 'Ancient Egypt Classic', 'AncientEgyptClassic', 'slots', NULL, 'pragmatic1/ancient-egypt-classic.jpg', '1', 'html5', 0, 0, 0, 0, 0, 50, 'venixcg', 0, 0, 0, NULL, NULL),
(1425, 165, NULL, 'p1-ancientegyptpm', 'Ancient Egypt', 'AncientEgyptPM', 'slots', NULL, 'pragmatic1/ancient-egypt-pm.jpg', '1', 'html5', 0, 0, 0, 0, 0, 50, 'venixcg', 0, 0, 0, NULL, NULL),
(1426, 165, NULL, 'p1-ancientegypt', 'Ancient Egypt', 'AncientEgypt', 'slots', NULL, 'pragmatic1/ancient-egypt.jpg', '1', 'html5', 0, 0, 0, 0, 0, 50, 'venixcg', 0, 0, 0, NULL, NULL),
(1427, 165, NULL, 'p1-7piggies', '7 Piggie', 'Piggie7', 'slots', NULL, 'pragmatic1/7-piggies.jpg', '1', 'html5', 0, 0, 0, 0, 0, 50, 'venixcg', 0, 0, 0, NULL, NULL),
(1428, 165, NULL, 'p1-monkeys', '7 Monkeys', 'Monkeys', 'slots', NULL, 'pragmatic1/monkeys.jpg', '1', 'html5', 0, 0, 0, 0, 0, 50, 'venixcg', 0, 0, 0, NULL, NULL);

-- --------------------------------------------------------

--
-- Table structure for table `game_favorites`
--

CREATE TABLE `game_favorites` (
  `id` bigint UNSIGNED NOT NULL,
  `user_id` bigint UNSIGNED NOT NULL,
  `game_id` bigint UNSIGNED NOT NULL,
  `created_at` timestamp NULL DEFAULT NULL,
  `updated_at` timestamp NULL DEFAULT NULL
) ENGINE=MyISAM DEFAULT CHARSET=utf8mb4 COLLATE=utf8mb4_unicode_ci ROW_FORMAT=FIXED;

-- --------------------------------------------------------

--
-- Table structure for table `game_likes`
--

CREATE TABLE `game_likes` (
  `user_id` bigint UNSIGNED NOT NULL,
  `game_id` bigint UNSIGNED NOT NULL,
  `created_at` timestamp NULL DEFAULT NULL,
  `updated_at` timestamp NULL DEFAULT NULL
) ENGINE=MyISAM DEFAULT CHARSET=utf8mb4 COLLATE=utf8mb4_unicode_ci ROW_FORMAT=FIXED;

-- --------------------------------------------------------

--
-- Table structure for table `game_reviews`
--

CREATE TABLE `game_reviews` (
  `user_id` bigint UNSIGNED NOT NULL,
  `game_id` bigint UNSIGNED NOT NULL,
  `created_at` timestamp NULL DEFAULT NULL,
  `updated_at` timestamp NULL DEFAULT NULL,
  `description` varchar(191) CHARACTER SET utf8mb4 COLLATE utf8mb4_unicode_ci NOT NULL,
  `rating` int NOT NULL DEFAULT '0'
) ENGINE=MyISAM DEFAULT CHARSET=utf8mb4 COLLATE=utf8mb4_unicode_ci ROW_FORMAT=DYNAMIC;

-- --------------------------------------------------------

--
-- Table structure for table `ggds_spin_config`
--

CREATE TABLE `ggds_spin_config` (
  `id` bigint UNSIGNED NOT NULL,
  `prizes` text CHARACTER SET utf8mb4 COLLATE utf8mb4_unicode_ci NOT NULL,
  `created_at` timestamp NOT NULL DEFAULT CURRENT_TIMESTAMP,
  `updated_at` timestamp NULL DEFAULT NULL ON UPDATE CURRENT_TIMESTAMP
) ENGINE=InnoDB DEFAULT CHARSET=utf8mb4 COLLATE=utf8mb4_unicode_ci ROW_FORMAT=COMPACT;

--
-- Dumping data for table `ggds_spin_config`
--

INSERT INTO `ggds_spin_config` (`id`, `prizes`, `created_at`, `updated_at`) VALUES
(1, '[{\"currency\":\"BRL\",\"value\":5},{\"currency\":\"BRL\",\"value\":10},{\"currency\":\"BRL\",\"value\":25},{\"currency\":\"BRL\",\"value\":30},{\"currency\":\"BRL\",\"value\":40},{\"currency\":\"BRL\",\"value\":50},{\"currency\":\"BRL\",\"value\":90},{\"currency\":\"BRL\",\"value\":100},{\"currency\":\"BRL\",\"value\":140},{\"currency\":\"BRL\",\"value\":15},{\"currency\":\"BRL\",\"value\":30},{\"currency\":\"BRL\",\"value\":500},{\"currency\":\"BRL\",\"value\":1000},{\"currency\":\"BRL\",\"value\":1500},{\"currency\":\"BRL\",\"value\":2000},{\"currency\":\"BRL\",\"value\":2500}]', '2024-01-11 06:22:59', '2024-01-14 02:37:12');

-- --------------------------------------------------------

--
-- Table structure for table `ggr_games`
--

CREATE TABLE `ggr_games` (
  `id` bigint UNSIGNED NOT NULL,
  `user_id` int UNSIGNED NOT NULL,
  `provider` varchar(191) CHARACTER SET utf8mb4 COLLATE utf8mb4_unicode_ci NOT NULL,
  `game` varchar(191) CHARACTER SET utf8mb4 COLLATE utf8mb4_unicode_ci NOT NULL,
  `balance_bet` decimal(20,2) NOT NULL DEFAULT '0.00',
  `balance_win` decimal(20,2) NOT NULL DEFAULT '0.00',
  `currency` varchar(50) CHARACTER SET utf8mb4 COLLATE utf8mb4_unicode_ci DEFAULT NULL,
  `aggregator` varchar(255) CHARACTER SET utf8mb4 COLLATE utf8mb4_unicode_ci DEFAULT NULL,
  `type` varchar(20) CHARACTER SET utf8mb4 COLLATE utf8mb4_unicode_ci DEFAULT NULL,
  `created_at` timestamp NULL DEFAULT NULL,
  `updated_at` timestamp NULL DEFAULT NULL
) ENGINE=MyISAM DEFAULT CHARSET=utf8mb4 COLLATE=utf8mb4_unicode_ci ROW_FORMAT=DYNAMIC;

-- --------------------------------------------------------

--
-- Table structure for table `likes`
--

CREATE TABLE `likes` (
  `id` bigint UNSIGNED NOT NULL,
  `user_id` bigint UNSIGNED NOT NULL,
  `liked_user_id` bigint UNSIGNED NOT NULL,
  `created_at` timestamp NULL DEFAULT NULL,
  `updated_at` timestamp NULL DEFAULT NULL
) ENGINE=MyISAM DEFAULT CHARSET=utf8mb4 COLLATE=utf8mb4_unicode_ci ROW_FORMAT=FIXED;

-- --------------------------------------------------------

--
-- Table structure for table `migrations`
--

CREATE TABLE `migrations` (
  `id` int UNSIGNED NOT NULL,
  `migration` varchar(191) CHARACTER SET utf8mb4 COLLATE utf8mb4_unicode_ci NOT NULL,
  `batch` int NOT NULL
) ENGINE=MyISAM DEFAULT CHARSET=utf8mb4 COLLATE=utf8mb4_unicode_ci ROW_FORMAT=DYNAMIC;

--
-- Dumping data for table `migrations`
--

INSERT INTO `migrations` (`id`, `migration`, `batch`) VALUES
(1, '0000_00_00_000000_create_websockets_statistics_entries_table', 1),
(2, '2014_10_12_000000_create_users_table', 1),
(3, '2014_10_12_100000_create_password_reset_tokens_table', 1),
(4, '2019_08_19_000000_create_failed_jobs_table', 1),
(5, '2019_12_14_000001_create_personal_access_tokens_table', 1),
(15, '2023_10_30_034921_create_settings_table', 6),
(11, '2023_11_04_213841_add_fields_to_users_table', 3),
(12, '2023_11_07_202919_create_currencies_table', 4),
(13, '2023_11_07_210310_create_wallets_table', 5),
(16, '2023_11_07_214236_create_withdrawals_table', 7),
(17, '2023_11_07_214240_create_deposits_table', 7),
(18, '2023_11_07_214244_create_orders_table', 7),
(20, '2023_11_07_215204_create_notifications_table', 8),
(21, '2023_11_07_202919_create_currency_alloweds_table', 9),
(22, '2023_11_11_205824_create_casino_categories_table', 9),
(23, '2023_11_11_205834_create_casino_providers_table', 9),
(26, '2023_11_12_225424_create_transactions_table', 10),
(27, '2023_11_12_225431_create_affiliate_histories_table', 10),
(28, '2023_11_12_234643_add_field_to_wallet_table', 11),
(29, '2023_11_14_203632_create_likes_table', 12),
(30, '2023_09_27_214903_create_wallet_changes_table', 13),
(31, '2023_11_16_155140_create_permission_tables', 14),
(32, '2023_11_17_012533_add_language_to_users_table', 15),
(40, '2023_11_30_195548_create_gateways_table', 20),
(41, '2023_11_30_195557_create_games_keys_table', 20),
(42, '2023_11_30_195609_create_setting_mails_table', 20),
(43, '2023_10_08_111755_add_fields_to_game_exclusives_table', 20),
(44, '2023_10_07_183921_create_game_exclusives_table', 21),
(45, '2023_10_11_144956_create_system_wallets_table', 22),
(46, '2023_12_18_172721_create_banners_table', 23),
(47, '2023_12_20_135908_create_casino_games_salsas_table', 24),
(48, '2023_12_23_224032_create_fivers_providers_table', 25),
(49, '2023_12_23_224105_create_fivers_games_table', 25),
(50, '2023_12_31_121453_create_custom_layouts_table', 26),
(51, '2024_01_01_193712_create_g_g_r_games_fivers_table', 27),
(52, '2024_01_14_155144_create_missions_table', 28),
(53, '2024_01_14_155150_create_mission_users_table', 28),
(54, '2024_01_19_120728_create_ka_gamings_table', 29),
(55, '2024_01_19_170650_create_categories_table', 30),
(56, '2024_01_19_170657_create_providers_table', 30),
(57, '2024_01_19_170658_create_games_table', 31),
(58, '2023_10_07_183920_create_categories_table', 32),
(59, '2023_10_07_183921_create_providers_table', 33),
(60, '2023_10_07_183922_create_games_table', 34),
(61, '2024_01_20_144529_create_category_games_table', 35),
(62, '2024_01_20_182155_add_vibra_to_games_keys_table', 36),
(63, '2024_01_21_173742_create_game_favorites_table', 37),
(64, '2024_01_21_173752_create_game_likes_table', 37),
(65, '2024_01_21_173803_create_game_reviews_table', 37),
(66, '2024_01_11_231932_create_vibra_casino_games_table', 38),
(69, '2024_01_28_194456_add_vip_to_wallet_table', 40),
(68, '2024_01_28_194645_create_vips_table', 39),
(70, '2024_01_28_231843_create_vip_users_table', 41),
(71, '2024_01_29_102939_add_paid_to_limits_table', 41),
(72, '2024_01_10_001705_create_sub_affiliates_table', 42),
(73, '2024_01_30_120547_create_affiliate_withdraws_table', 43),
(74, '2024_02_09_233936_add_worldslot_to_games_keys_table', 44),
(75, '2024_02_10_191215_add_disable_spin_to_settings_table', 45),
(76, '2024_02_17_210822_add_games2_to_games_keys_table', 46),
(78, '2024_02_20_004853_add_sub_to_settings_table', 47),
(79, '2024_02_24_121146_add_header_to_custom_layouts_table', 48),
(80, '2024_02_26_144235_create_ggr_games_world_slots_table', 49),
(84, '2024_03_21_154342_add_headerbody_to_custom_layouts_table', 53),
(85, '2024_03_21_154342_add_headerbody_to_custom_layouts_table', 54),
(86, '2024_03_21_223739_add_sharkpay_to_gateways_table', 55),
(87, '2024_03_21_230017_add_reference_to_transactions_table', 56),
(88, '2024_03_24_125025_add_rollver_protection_to_settings_table', 57),
(89, '2024_03_24_134101_add_accept_bonus_to_transactions_table', 58),
(90, '2024_03_24_172243_add_receita_to_affiliate_histories_table', 59),
(91, '2024_03_26_161932_add_baseline_column_to_settings_table', 60),
(107, '2024_03_31_124211_add_digitopay_to_settings_table', 74),
(106, '2024_03_30_225900_create_digito_pay_payments_table', 73),
(94, '2024_03_30_215051_add_social_to_custom_layouts_table', 63),
(99, '2024_04_02_140932_add_default_gateway_to_settings_table', 67),
(108, '2024_05_01_005754_add_themes_settings_to_users_table', 75),
(101, '2024_04_12_201402_add_hash_to_transactions_table', 69),
(102, '2024_04_27_174324_add_affiliate_to_wallets_table', 70),
(103, '2024_04_27_175805_create_affiliate_commissions_table', 70),
(104, '2024_04_27_230830_create_game_sources_table', 71),
(105, '2024_04_29_162814_create_bonuses_table', 72),
(109, '2024_05_01_220123_create_custom_terms_table', 76),
(110, '2024_05_06_120650_create_contact_messages_table', 77),
(111, '2024_05_11_205157_add_fee_to_settings_table', 78),
(112, '2024_05_11_223526_add_payment_type_to_transactions_table', 79),
(113, '2024_05_15_013733_add_loading_to_custom_layouts_table', 80),
(114, '2024_05_20_184847_add_in_queue_to_withdrawals_table', 81),
(115, '2024_05_20_214003_add_in_queue_to_affiliate_withdraws_table', 82),
(116, '2024_05_22_120048_add_revshare_calculation_type_to_settings_table', 83),
(117, '2024_05_29_154052_add_google_oauth_to_settings_table', 84),
(118, '2024_06_03_170616_alter_revshare_calculation_type_enum_in_settings_table', 85),
(119, '2024_06_04_121455_add_timeless_to_games_keys_table', 86),
(120, '2024_06_04_121824_create_session_players_table', 87),
(121, '2024_06_18_221900_add_pagoexpress_to_settings_table', 88),
(122, '2024_06_18_221902_add_pagoexpress_to_gateways_table', 88),
(123, '2024_06_19_200655_add_recaptcha_to_settings_table', 89),
(124, '2024_06_20_105546_add_error_to_affiliate_withdraws_table', 90),
(125, '2024_06_20_105601_add_error_to_withdraws_table', 91),
(126, '2024_07_05_224331_add_custom_to_custom_layouts_table', 91),
(127, '2024_07_07_174603_add_email_to_settings_table', 91),
(128, '2019_09_15_000010_create_tenants_table', 92),
(129, '2019_09_15_000020_create_domains_table', 92);

-- --------------------------------------------------------

--
-- Table structure for table `missions`
--

CREATE TABLE `missions` (
  `id` bigint UNSIGNED NOT NULL,
  `challenge_name` varchar(191) CHARACTER SET utf8mb4 COLLATE utf8mb4_unicode_ci NOT NULL,
  `challenge_description` text CHARACTER SET utf8mb4 COLLATE utf8mb4_unicode_ci NOT NULL,
  `challenge_rules` text CHARACTER SET utf8mb4 COLLATE utf8mb4_unicode_ci NOT NULL,
  `challenge_type` varchar(20) CHARACTER SET utf8mb4 COLLATE utf8mb4_unicode_ci NOT NULL DEFAULT 'game',
  `challenge_link` varchar(191) CHARACTER SET utf8mb4 COLLATE utf8mb4_unicode_ci DEFAULT NULL,
  `challenge_start_date` datetime NOT NULL,
  `challenge_end_date` datetime NOT NULL,
  `challenge_bonus` decimal(20,2) NOT NULL DEFAULT '0.00',
  `challenge_total` bigint NOT NULL DEFAULT '1',
  `challenge_currency` varchar(5) CHARACTER SET utf8mb4 COLLATE utf8mb4_unicode_ci NOT NULL,
  `challenge_provider` varchar(50) CHARACTER SET utf8mb4 COLLATE utf8mb4_unicode_ci DEFAULT NULL,
  `challenge_gameid` varchar(50) CHARACTER SET utf8mb4 COLLATE utf8mb4_unicode_ci DEFAULT NULL,
  `created_at` timestamp NULL DEFAULT NULL,
  `updated_at` timestamp NULL DEFAULT NULL
) ENGINE=MyISAM DEFAULT CHARSET=utf8mb4 COLLATE=utf8mb4_unicode_ci ROW_FORMAT=DYNAMIC;

--
-- Dumping data for table `missions`
--

INSERT INTO `missions` (`id`, `challenge_name`, `challenge_description`, `challenge_rules`, `challenge_type`, `challenge_link`, `challenge_start_date`, `challenge_end_date`, `challenge_bonus`, `challenge_total`, `challenge_currency`, `challenge_provider`, `challenge_gameid`, `created_at`, `updated_at`) VALUES
(1, 'TEST MISSION', '<p>TEST DESCRIPTION 2w</p>', '<p>TEST RULE</p>', 'game', 'test', '2025-04-11 19:45:26', '2025-04-25 19:45:30', 40.00, 2, '2', '154', 'TEST-VIP', '2025-04-11 05:45:54', '2025-04-11 06:53:50'),
(2, 'TEST MISSION 2', '<p>test description 1</p>', '<p>bjkljjjklbj</p>', 'wallet', 'test', '2025-04-22 21:02:24', '2025-04-23 21:02:31', 6.00, 2, '1', '154', 'TEST-VIP', '2025-04-22 07:03:03', '2025-04-22 07:03:46');

-- --------------------------------------------------------

--
-- Table structure for table `mission_users`
--

CREATE TABLE `mission_users` (
  `id` bigint UNSIGNED NOT NULL,
  `user_id` int UNSIGNED NOT NULL,
  `mission_id` int UNSIGNED NOT NULL,
  `rounds` bigint DEFAULT '0',
  `rewards` decimal(10,2) DEFAULT '0.00',
  `status` tinyint NOT NULL DEFAULT '0',
  `created_at` timestamp NULL DEFAULT NULL,
  `updated_at` timestamp NULL DEFAULT NULL
) ENGINE=MyISAM DEFAULT CHARSET=utf8mb4 COLLATE=utf8mb4_unicode_ci ROW_FORMAT=FIXED;

-- --------------------------------------------------------

--
-- Table structure for table `model_has_permissions`
--

CREATE TABLE `model_has_permissions` (
  `permission_id` bigint UNSIGNED NOT NULL,
  `model_type` varchar(191) CHARACTER SET utf8mb4 COLLATE utf8mb4_unicode_ci NOT NULL,
  `model_id` bigint UNSIGNED NOT NULL
) ENGINE=InnoDB DEFAULT CHARSET=utf8mb4 COLLATE=utf8mb4_unicode_ci ROW_FORMAT=COMPACT;

-- --------------------------------------------------------

--
-- Table structure for table `model_has_roles`
--

CREATE TABLE `model_has_roles` (
  `role_id` bigint UNSIGNED NOT NULL,
  `model_type` varchar(191) CHARACTER SET utf8mb4 COLLATE utf8mb4_unicode_ci NOT NULL,
  `model_id` bigint UNSIGNED NOT NULL
) ENGINE=InnoDB DEFAULT CHARSET=utf8mb4 COLLATE=utf8mb4_unicode_ci ROW_FORMAT=COMPACT;

--
-- Dumping data for table `model_has_roles`
--

INSERT INTO `model_has_roles` (`role_id`, `model_type`, `model_id`) VALUES
(1, 'App\\Models\\User', 1),
(2, 'App\\Models\\User', 39),
(2, 'App\\Models\\User', 44),
(3, 'App\\Models\\User', 53),
(2, '', 63);

-- --------------------------------------------------------

--
-- Table structure for table `notifications`
--

CREATE TABLE `notifications` (
  `id` char(36) CHARACTER SET utf8mb4 COLLATE utf8mb4_unicode_ci NOT NULL,
  `type` varchar(191) CHARACTER SET utf8mb4 COLLATE utf8mb4_unicode_ci NOT NULL,
  `notifiable_type` varchar(191) CHARACTER SET utf8mb4 COLLATE utf8mb4_unicode_ci NOT NULL,
  `notifiable_id` bigint UNSIGNED NOT NULL,
  `data` text CHARACTER SET utf8mb4 COLLATE utf8mb4_unicode_ci NOT NULL,
  `read_at` timestamp NULL DEFAULT NULL,
  `created_at` timestamp NULL DEFAULT NULL,
  `updated_at` timestamp NULL DEFAULT NULL
) ENGINE=MyISAM DEFAULT CHARSET=utf8mb4 COLLATE=utf8mb4_unicode_ci ROW_FORMAT=DYNAMIC;

-- --------------------------------------------------------

--
-- Table structure for table `permissions`
--

CREATE TABLE `permissions` (
  `id` bigint UNSIGNED NOT NULL,
  `name` varchar(191) CHARACTER SET utf8mb4 COLLATE utf8mb4_unicode_ci NOT NULL,
  `guard_name` varchar(191) CHARACTER SET utf8mb4 COLLATE utf8mb4_unicode_ci NOT NULL,
  `created_at` timestamp NULL DEFAULT NULL,
  `updated_at` timestamp NULL DEFAULT NULL
) ENGINE=InnoDB DEFAULT CHARSET=utf8mb4 COLLATE=utf8mb4_unicode_ci ROW_FORMAT=COMPACT;

--
-- Dumping data for table `permissions`
--

INSERT INTO `permissions` (`id`, `name`, `guard_name`, `created_at`, `updated_at`) VALUES
(1, 'games-exclusive-edit', 'web', '2023-10-12 01:53:45', '2023-10-12 03:42:28'),
(2, 'games-exclusive-view', 'web', '2023-10-12 01:53:56', '2023-10-12 03:41:25'),
(3, 'games-exclusive-create', 'web', '2023-10-12 01:55:06', '2023-10-12 03:41:10'),
(4, 'admin-view', 'web', '2023-10-12 03:26:35', '2023-10-12 03:26:35'),
(5, 'admin-create', 'web', '2023-10-12 04:26:02', '2023-10-12 04:26:02'),
(6, 'admin-edit', 'web', '2023-10-12 04:26:27', '2023-10-12 04:26:27'),
(7, 'admin-delete', 'web', '2023-10-12 04:26:55', '2023-10-12 04:26:55'),
(8, 'category-view', 'web', '2023-10-12 04:31:31', '2023-10-12 04:31:31'),
(9, 'category-create', 'web', '2023-10-12 04:31:46', '2023-10-12 04:31:46'),
(10, 'category-edit', 'web', '2023-10-12 04:31:59', '2023-10-12 04:31:59'),
(11, 'category-delete', 'web', '2023-10-12 04:32:09', '2023-10-12 04:32:09'),
(12, 'game-view', 'web', '2023-10-12 04:32:27', '2023-10-12 04:32:27'),
(13, 'game-create', 'web', '2023-10-12 04:32:36', '2023-10-12 04:32:36'),
(14, 'game-edit', 'web', '2023-10-12 04:32:44', '2023-10-12 04:32:44'),
(15, 'game-delete', 'web', '2023-10-12 04:32:54', '2023-10-12 04:32:54'),
(16, 'wallet-view', 'web', '2023-10-12 04:35:49', '2023-10-12 04:35:49'),
(17, 'wallet-create', 'web', '2023-10-12 04:36:01', '2023-10-12 04:36:01'),
(18, 'wallet-edit', 'web', '2023-10-12 04:36:11', '2023-10-12 04:36:11'),
(19, 'wallet-delete', 'web', '2023-10-12 04:36:18', '2023-10-12 04:36:18'),
(20, 'deposit-view', 'web', '2023-10-12 04:36:44', '2023-10-12 04:36:44'),
(21, 'deposit-create', 'web', '2023-10-12 04:36:56', '2023-10-12 04:36:56'),
(22, 'deposit-edit', 'web', '2023-10-12 04:37:05', '2023-10-12 04:37:05'),
(23, 'deposit-update', 'web', '2023-10-12 04:38:00', '2023-10-12 04:38:00'),
(24, 'deposit-delete', 'web', '2023-10-12 04:38:11', '2023-10-12 04:38:11'),
(25, 'withdrawal-view', 'web', '2023-10-12 04:39:31', '2023-10-12 04:39:31'),
(26, 'withdrawal-create', 'web', '2023-10-12 04:39:40', '2023-10-12 04:39:40'),
(27, 'withdrawal-edit', 'web', '2023-10-12 04:39:51', '2023-10-12 04:39:51'),
(28, 'withdrawal-update', 'web', '2023-10-12 04:40:00', '2023-10-12 04:40:00'),
(29, 'withdrawal-delete', 'web', '2023-10-12 04:40:09', '2023-10-12 04:40:09'),
(30, 'order-view', 'web', '2023-10-12 04:42:36', '2023-10-12 04:42:36'),
(31, 'order-create', 'web', '2023-10-12 04:42:47', '2023-10-12 04:42:47'),
(32, 'order-edit', 'web', '2023-10-12 04:42:56', '2023-10-12 04:42:56'),
(33, 'order-update', 'web', '2023-10-12 04:43:06', '2023-10-12 04:43:06'),
(34, 'order-delete', 'web', '2023-10-12 04:43:19', '2023-10-12 04:43:19'),
(35, 'admin-menu-view', 'web', '2023-10-12 05:56:06', '2023-10-12 05:56:06'),
(36, 'setting-view', 'web', '2023-10-12 06:55:46', '2023-10-12 06:55:46'),
(37, 'setting-create', 'web', '2023-10-12 06:55:57', '2023-10-12 06:55:57'),
(38, 'setting-edit', 'web', '2023-10-12 06:56:06', '2023-10-12 06:56:06'),
(39, 'setting-update', 'web', '2023-10-12 06:56:19', '2023-10-12 06:56:19'),
(40, 'setting-delete', 'web', '2023-10-12 06:56:33', '2023-10-12 06:56:33'),
(41, 'Vip-test', 'api', '2025-04-24 03:04:47', '2025-04-24 03:04:47');

-- --------------------------------------------------------

--
-- Table structure for table `providers`
--

CREATE TABLE `providers` (
  `id` bigint UNSIGNED NOT NULL,
  `cover` varchar(255) CHARACTER SET utf8mb4 COLLATE utf8mb4_unicode_ci DEFAULT NULL,
  `code` varchar(50) CHARACTER SET utf8mb4 COLLATE utf8mb4_unicode_ci DEFAULT NULL,
  `name` varchar(50) CHARACTER SET utf8mb4 COLLATE utf8mb4_unicode_ci DEFAULT NULL,
  `status` tinyint NOT NULL DEFAULT '1',
  `rtp` bigint DEFAULT '90',
  `views` bigint DEFAULT '1',
  `distribution` varchar(50) CHARACTER SET utf8mb4 COLLATE utf8mb4_unicode_ci DEFAULT NULL,
  `created_at` timestamp NULL DEFAULT NULL,
  `updated_at` timestamp NULL DEFAULT NULL
) ENGINE=MyISAM DEFAULT CHARSET=utf8mb4 COLLATE=utf8mb4_unicode_ci ROW_FORMAT=DYNAMIC;

--
-- Dumping data for table `providers`
--

INSERT INTO `providers` (`id`, `cover`, `code`, `name`, `status`, `rtp`, `views`, `distribution`, `created_at`, `updated_at`) VALUES
(154, '01J24BCZKA5JXF6PP0EGX069JC.png', 'PGSOFT', 'PGSoft', 1, 80, 1, 'venixcg', '2024-04-07 01:01:54', '2024-07-06 07:12:59'),
(162, '01J24BQ911WG5TRJH4C2YWYCJ2.png', 'DARWIN', 'Darwin', 1, 80, 0, 'venixcg', '2024-04-25 00:40:00', '2024-07-06 07:18:37'),
(164, '01J24BF1BKHCKQKN93KQYJJJFK.png', 'NETENT', 'Netent', 1, 90, 1, 'venixcg', '2024-05-27 16:40:08', '2024-07-06 07:14:07'),
(165, '01J2EPH9SY03K7C4023EZX175Q.png', 'PRAGMATIC1', 'Pragmatic', 1, 90, 1, 'venixcg', '2024-07-10 07:39:59', '2024-07-10 07:39:59');

-- --------------------------------------------------------

--
-- Table structure for table `roles`
--

CREATE TABLE `roles` (
  `id` bigint UNSIGNED NOT NULL,
  `name` varchar(191) CHARACTER SET utf8mb4 COLLATE utf8mb4_unicode_ci NOT NULL,
  `guard_name` varchar(191) CHARACTER SET utf8mb4 COLLATE utf8mb4_unicode_ci NOT NULL,
  `created_at` timestamp NULL DEFAULT NULL,
  `updated_at` timestamp NULL DEFAULT NULL
) ENGINE=InnoDB DEFAULT CHARSET=utf8mb4 COLLATE=utf8mb4_unicode_ci ROW_FORMAT=COMPACT;

--
-- Dumping data for table `roles`
--

INSERT INTO `roles` (`id`, `name`, `guard_name`, `created_at`, `updated_at`) VALUES
(1, 'admin', 'api', '2023-10-12 01:50:41', '2025-05-27 00:17:25'),
(2, 'afiliado', 'web', '2023-10-12 01:51:08', '2023-10-12 01:51:08'),
(3, 'admin', 'tenant', '2025-04-24 03:13:39', '2025-05-27 00:20:57');

-- --------------------------------------------------------

--
-- Table structure for table `role_has_permissions`
--

CREATE TABLE `role_has_permissions` (
  `permission_id` bigint UNSIGNED NOT NULL,
  `role_id` bigint UNSIGNED NOT NULL
) ENGINE=InnoDB DEFAULT CHARSET=utf8mb4 COLLATE=utf8mb4_unicode_ci ROW_FORMAT=COMPACT;

--
-- Dumping data for table `role_has_permissions`
--

INSERT INTO `role_has_permissions` (`permission_id`, `role_id`) VALUES
(1, 1),
(2, 1),
(3, 1),
(4, 1),
(5, 1),
(6, 1),
(7, 1),
(8, 1),
(9, 1),
(10, 1),
(11, 1),
(12, 1),
(13, 1),
(14, 1),
(15, 1),
(16, 1),
(17, 1),
(18, 1),
(19, 1),
(20, 1),
(21, 1),
(22, 1),
(23, 1),
(24, 1),
(25, 1),
(26, 1),
(27, 1),
(28, 1),
(29, 1),
(30, 1),
(31, 1),
(32, 1),
(33, 1),
(34, 1),
(35, 1),
(36, 1),
(37, 1),
(38, 1),
(39, 1),
(40, 1),
(41, 1),
(4, 3),
(5, 3),
(35, 3);

-- --------------------------------------------------------

--
-- Table structure for table `sub_affiliates`
--

CREATE TABLE `sub_affiliates` (
  `id` bigint UNSIGNED NOT NULL,
  `affiliate_id` int UNSIGNED NOT NULL,
  `user_id` int UNSIGNED NOT NULL,
  `status` tinyint(1) DEFAULT '0',
  `created_at` timestamp NULL DEFAULT NULL,
  `updated_at` timestamp NULL DEFAULT NULL
) ENGINE=MyISAM DEFAULT CHARSET=utf8mb4 COLLATE=utf8mb4_unicode_ci ROW_FORMAT=FIXED;

-- --------------------------------------------------------

--
-- Table structure for table `system_wallets`
--

CREATE TABLE `system_wallets` (
  `id` bigint UNSIGNED NOT NULL,
  `label` char(32) CHARACTER SET utf8mb4 COLLATE utf8mb4_unicode_ci NOT NULL,
  `balance` decimal(27,12) NOT NULL DEFAULT '0.000000000000',
  `balance_min` decimal(27,12) NOT NULL DEFAULT '10000.100000000000',
  `pay_upto_percentage` decimal(4,2) NOT NULL DEFAULT '45.00',
  `mode` enum('balance_min','percentage') CHARACTER SET utf8mb4 COLLATE utf8mb4_unicode_ci NOT NULL DEFAULT 'percentage',
  `created_at` timestamp NULL DEFAULT NULL,
  `updated_at` timestamp NULL DEFAULT NULL
) ENGINE=MyISAM DEFAULT CHARSET=utf8mb4 COLLATE=utf8mb4_unicode_ci ROW_FORMAT=FIXED;

--
-- Dumping data for table `system_wallets`
--

INSERT INTO `system_wallets` (`id`, `label`, `balance`, `balance_min`, `pay_upto_percentage`, `mode`, `created_at`, `updated_at`) VALUES
(1, 'system', 261.800000000000, 10000.100000000000, 45.00, 'percentage', '2023-10-11 01:41:15', '2023-10-16 04:12:00');

-- --------------------------------------------------------

--
-- Table structure for table `tenant_users`
--

CREATE TABLE `tenant_users` (
  `id` bigint UNSIGNED NOT NULL,
  `tenant_id` varchar(191) COLLATE utf8mb4_unicode_ci NOT NULL,
  `user_id` bigint UNSIGNED NOT NULL,
  `created_at` timestamp NULL DEFAULT NULL,
  `updated_at` timestamp NULL DEFAULT NULL
) ENGINE=InnoDB DEFAULT CHARSET=utf8mb4 COLLATE=utf8mb4_unicode_ci;

-- --------------------------------------------------------

--
-- Table structure for table `vips`
--

CREATE TABLE `vips` (
  `id` bigint UNSIGNED NOT NULL,
  `bet_symbol` varchar(255) CHARACTER SET utf8mb4 COLLATE utf8mb4_unicode_ci NOT NULL,
  `bet_level` bigint NOT NULL DEFAULT '1',
  `bet_required` bigint DEFAULT NULL,
  `bet_period` varchar(191) CHARACTER SET utf8mb4 COLLATE utf8mb4_unicode_ci DEFAULT NULL,
  `bet_bonus` bigint NOT NULL,
  `created_at` timestamp NULL DEFAULT NULL,
  `updated_at` timestamp NULL DEFAULT NULL
) ENGINE=MyISAM DEFAULT CHARSET=utf8mb4 COLLATE=utf8mb4_unicode_ci ROW_FORMAT=DYNAMIC;

--
-- Dumping data for table `vips`
--

INSERT INTO `vips` (`id`, `bet_symbol`, `bet_level`, `bet_required`, `bet_period`, `bet_bonus`, `created_at`, `updated_at`) VALUES
(1, '01JRJH98FNQ5H0MBW2PD9AHX20.png', 0, 500, 'weekly', 50, '2025-04-11 05:10:31', '2025-04-11 05:10:31'),
(2, '01JRSW9NSZBZDYEYYAMRQHBQ0R.png', 0, 300, 'weekly', 10, '2025-04-14 01:37:40', '2025-04-14 01:37:40');

-- --------------------------------------------------------

--
-- Table structure for table `vip_users`
--

CREATE TABLE `vip_users` (
  `id` bigint UNSIGNED NOT NULL,
  `user_id` int UNSIGNED NOT NULL,
  `vip_id` int UNSIGNED NOT NULL,
  `level` bigint NOT NULL,
  `points` bigint NOT NULL,
  `status` tinyint NOT NULL DEFAULT '0',
  `created_at` timestamp NULL DEFAULT NULL,
  `updated_at` timestamp NULL DEFAULT NULL
) ENGINE=MyISAM DEFAULT CHARSET=utf8mb4 COLLATE=utf8mb4_unicode_ci ROW_FORMAT=FIXED;

-- --------------------------------------------------------

--
-- Table structure for table `wallets`
--

CREATE TABLE `wallets` (
  `id` bigint UNSIGNED NOT NULL,
  `user_id` int UNSIGNED NOT NULL,
  `currency` varchar(20) CHARACTER SET utf8mb4 COLLATE utf8mb4_unicode_ci NOT NULL,
  `symbol` varchar(5) CHARACTER SET utf8mb4 COLLATE utf8mb4_unicode_ci NOT NULL,
  `balance` decimal(20,2) NOT NULL DEFAULT '0.00',
  `balance_bonus_rollover` decimal(10,2) DEFAULT '0.00',
  `balance_deposit_rollover` decimal(10,2) DEFAULT '0.00',
  `balance_withdrawal` decimal(10,2) DEFAULT '0.00',
  `balance_bonus` decimal(20,2) NOT NULL DEFAULT '0.00',
  `balance_cryptocurrency` decimal(20,8) NOT NULL DEFAULT '0.00000000',
  `balance_demo` decimal(20,8) DEFAULT '1000.00000000',
  `refer_rewards` decimal(20,2) NOT NULL DEFAULT '0.00',
  `hide_balance` tinyint(1) NOT NULL DEFAULT '0',
  `active` tinyint(1) NOT NULL DEFAULT '0',
  `created_at` timestamp NULL DEFAULT NULL,
  `updated_at` timestamp NULL DEFAULT NULL,
  `total_bet` decimal(20,2) NOT NULL DEFAULT '0.00',
  `total_won` bigint NOT NULL DEFAULT '0',
  `total_lose` bigint NOT NULL DEFAULT '0',
  `last_won` bigint NOT NULL DEFAULT '0',
  `last_lose` bigint NOT NULL DEFAULT '0',
  `vip_level` bigint DEFAULT '0',
  `vip_points` bigint DEFAULT '0',
  `commission_cpa` decimal(20,2) NOT NULL DEFAULT '0.00',
  `commission_revshare` decimal(20,2) NOT NULL DEFAULT '0.00',
  `affiliate_active` tinyint(1) NOT NULL DEFAULT '0',
  `deposited_amount` decimal(10,2) NOT NULL DEFAULT '0.00',
  `deposited_total` bigint NOT NULL DEFAULT '0',
  `losses_amount` decimal(10,2) NOT NULL DEFAULT '0.00',
  `losses_total` bigint NOT NULL DEFAULT '0'
) ENGINE=MyISAM DEFAULT CHARSET=utf8mb4 COLLATE=utf8mb4_unicode_ci ROW_FORMAT=DYNAMIC;

--
-- Dumping data for table `wallets`
--

INSERT INTO `wallets` (`id`, `user_id`, `currency`, `symbol`, `balance`, `balance_bonus_rollover`, `balance_deposit_rollover`, `balance_withdrawal`, `balance_bonus`, `balance_cryptocurrency`, `balance_demo`, `refer_rewards`, `hide_balance`, `active`, `created_at`, `updated_at`, `total_bet`, `total_won`, `total_lose`, `last_won`, `last_lose`, `vip_level`, `vip_points`, `commission_cpa`, `commission_revshare`, `affiliate_active`, `deposited_amount`, `deposited_total`, `losses_amount`, `losses_total`) VALUES
(1, 1, 'BRL', 'R$', 9990.20, 0.00, 0.00, 964.50, 0.00, 0.00000000, 1000.00000000, 350.16, 0, 1, '2023-11-07 07:45:13', '2024-05-27 06:18:14', 0.00, 0, 0, 0, 0, 1, 10000, 0.00, -0.29, 0, 0.00, 0, 0.00, 0),
(51, 51, 'BRL', 'R$', 0.00, 0.00, 0.00, 0.00, 0.00, 0.00000000, 1000.00000000, 0.00, 0, 1, '2024-06-26 06:40:10', '2024-06-26 06:40:10', 0.00, 0, 0, 0, 0, 0, 0, 0.00, 0.00, 0, 0.00, 0, 0.00, 0),
(52, 52, 'BRL', 'R$', 0.00, 0.00, 0.00, 0.00, 0.00, 0.00000000, 1000.00000000, 0.00, 0, 1, '2025-04-07 01:55:19', '2025-04-07 01:55:19', 0.00, 0, 0, 0, 0, 0, 0, 0.00, 0.00, 0, 0.00, 0, 0.00, 0),
(53, 53, 'BRL', 'R$', 9990.20, 0.00, 0.00, 0.00, 0.00, 0.00000000, 1000.00000000, 0.00, 1, 1, '2025-04-07 01:57:40', '2025-04-11 03:16:45', 0.00, 0, 0, 0, 0, 0, 0, 0.00, 0.00, 0, 0.00, 0, 0.00, 0),
(54, 59, 'BRL', 'R$', 8000.00, 0.00, 0.00, 0.00, 0.00, 0.00000000, 1000.00000000, 0.00, 0, 1, '2025-04-11 04:49:10', '2025-04-24 04:05:35', 0.00, 0, 0, 0, 0, 0, 0, 0.00, 0.00, 0, 0.00, 0, 0.00, 0),
(55, 55, 'BRL', 'R$', 0.00, 0.00, 0.00, 0.00, 0.00, 0.00000000, 1000.00000000, 0.00, 0, 1, '2025-04-11 04:55:03', '2025-04-11 04:55:03', 0.00, 0, 0, 0, 0, 0, 0, 0.00, 0.00, 0, 0.00, 0, 0.00, 0),
(56, 56, 'BRL', 'R$', 0.00, 0.00, 0.00, 0.00, 0.00, 0.00000000, 1000.00000000, 0.00, 0, 1, '2025-04-14 00:46:21', '2025-04-14 00:46:21', 0.00, 0, 0, 0, 0, 0, 0, 0.00, 0.00, 0, 0.00, 0, 0.00, 0),
(57, 1, 'BRL', 'R$', 3.00, 0.00, 0.00, 0.00, 0.00, 0.00000000, 1000.00000000, 0.00, 0, 1, '2025-04-14 01:03:06', '2025-05-08 03:21:06', 0.00, 0, 0, 0, 0, 0, 0, 0.00, 0.00, 0, 0.00, 0, 0.00, 0),
(58, 58, 'BRL', 'R$', 0.00, 0.00, 0.00, 0.00, 0.00, 0.00000000, 1000.00000000, 0.00, 0, 1, '2025-04-14 01:05:20', '2025-04-14 01:07:31', 0.00, 0, 0, 0, 0, 0, 0, 0.00, 0.00, 0, 0.00, 0, 0.00, 0),
(59, 59, 'BRL', 'R$', 0.00, 0.00, 0.00, 0.00, 0.00, 0.00000000, 1000.00000000, 0.00, 0, 1, '2025-04-23 04:31:13', '2025-04-23 04:31:13', 0.00, 0, 0, 0, 0, 0, 0, 0.00, 0.00, 0, 0.00, 0, 0.00, 0),
(60, 60, 'BRL', 'R$', 0.00, 0.00, 0.00, 0.00, 0.00, 0.00000000, 1000.00000000, 0.00, 0, 1, '2025-04-24 03:17:54', '2025-04-24 03:17:54', 0.00, 0, 0, 0, 0, 0, 0, 0.00, 0.00, 0, 0.00, 0, 0.00, 0),
(61, 61, 'USD', '$', 0.00, 0.00, 0.00, 0.00, 0.00, 0.00000000, 1000.00000000, 0.00, 0, 1, '2025-05-08 03:40:02', '2025-05-08 03:40:02', 0.00, 0, 0, 0, 0, 0, 0, 0.00, 0.00, 0, 0.00, 0, 0.00, 0),
(62, 62, 'USD', 'R$', 0.00, 0.00, 0.00, 0.00, 0.00, 0.00000000, 1000.00000000, 0.00, 0, 1, '2025-05-09 01:19:57', '2025-05-09 01:19:57', 0.00, 0, 0, 0, 0, 0, 0, 0.00, 0.00, 0, 0.00, 0, 0.00, 0),
(63, 63, 'USD', '$', 150.00, 0.00, 0.00, 0.00, 12.00, 0.00000000, 1000.00000000, 0.00, 0, 1, '2025-05-09 02:08:52', '2025-05-09 03:47:38', 0.00, 0, 0, 0, 0, 0, 0, 0.00, 0.00, 0, 0.00, 0, 0.00, 0),
(64, 65, 'USD', '$', 0.00, 0.00, 0.00, 0.00, 0.00, 0.00000000, 1000.00000000, 0.00, 0, 1, '2025-05-28 05:55:43', '2025-05-28 05:55:43', 0.00, 0, 0, 0, 0, 0, 0, 0.00, 0.00, 0, 0.00, 0, 0.00, 0);

-- --------------------------------------------------------

--
-- Table structure for table `wallet_changes`
--

CREATE TABLE `wallet_changes` (
  `id` bigint UNSIGNED NOT NULL,
  `reason` varchar(100) CHARACTER SET utf8mb4 COLLATE utf8mb4_unicode_ci DEFAULT NULL,
  `change` varchar(50) CHARACTER SET utf8mb4 COLLATE utf8mb4_unicode_ci DEFAULT NULL,
  `value_bonus` decimal(20,2) NOT NULL DEFAULT '0.00',
  `value_total` decimal(20,2) NOT NULL DEFAULT '0.00',
  `value_roi` decimal(20,2) NOT NULL DEFAULT '0.00',
  `value_entry` decimal(20,2) NOT NULL DEFAULT '0.00',
  `refer_rewards` decimal(20,2) NOT NULL DEFAULT '0.00',
  `game` varchar(191) CHARACTER SET utf8mb4 COLLATE utf8mb4_unicode_ci DEFAULT NULL,
  `user_id` bigint UNSIGNED NOT NULL,
  `created_at` timestamp NULL DEFAULT NULL,
  `updated_at` timestamp NULL DEFAULT NULL
) ENGINE=MyISAM DEFAULT CHARSET=utf8mb4 COLLATE=utf8mb4_unicode_ci ROW_FORMAT=DYNAMIC;

-- --------------------------------------------------------

--
-- Table structure for table `webhooks`
--

CREATE TABLE `webhooks` (
  `id` bigint UNSIGNED NOT NULL,
  `uri_deposit` varchar(191) CHARACTER SET utf8mb4 COLLATE utf8mb4_unicode_ci DEFAULT NULL,
  `uri_withdrawal` varchar(191) CHARACTER SET utf8mb4 COLLATE utf8mb4_unicode_ci DEFAULT NULL,
  `uri_login` varchar(191) CHARACTER SET utf8mb4 COLLATE utf8mb4_unicode_ci DEFAULT NULL,
  `uri_register` varchar(191) CHARACTER SET utf8mb4 COLLATE utf8mb4_unicode_ci DEFAULT NULL,
  `created_at` timestamp NULL DEFAULT NULL,
  `updated_at` timestamp NULL DEFAULT NULL
) ENGINE=InnoDB DEFAULT CHARSET=utf8mb4 COLLATE=utf8mb4_unicode_ci;

--
-- Dumping data for table `webhooks`
--

INSERT INTO `webhooks` (`id`, `uri_deposit`, `uri_withdrawal`, `uri_login`, `uri_register`, `created_at`, `updated_at`) VALUES
(1, NULL, NULL, NULL, NULL, '2025-04-11 04:48:17', '2025-04-11 04:48:17');

-- --------------------------------------------------------

--
-- Table structure for table `websockets_statistics_entries`
--

CREATE TABLE `websockets_statistics_entries` (
  `id` int UNSIGNED NOT NULL,
  `app_id` varchar(191) CHARACTER SET utf8mb4 COLLATE utf8mb4_unicode_ci NOT NULL,
  `peak_connection_count` int NOT NULL,
  `websocket_message_count` int NOT NULL,
  `api_message_count` int NOT NULL,
  `created_at` timestamp NULL DEFAULT NULL,
  `updated_at` timestamp NULL DEFAULT NULL
) ENGINE=MyISAM DEFAULT CHARSET=utf8mb4 COLLATE=utf8mb4_unicode_ci ROW_FORMAT=DYNAMIC;

-- --------------------------------------------------------

--
-- Table structure for table `withdrawals`
--

CREATE TABLE `withdrawals` (
  `id` bigint UNSIGNED NOT NULL,
  `payment_id` varchar(255) CHARACTER SET utf8mb4 COLLATE utf8mb4_unicode_ci DEFAULT NULL,
  `user_id` bigint UNSIGNED NOT NULL,
  `amount` decimal(20,2) NOT NULL DEFAULT '0.00',
  `type` varchar(191) CHARACTER SET utf8mb4 COLLATE utf8mb4_unicode_ci DEFAULT NULL,
  `proof` varchar(191) CHARACTER SET utf8mb4 COLLATE utf8mb4_unicode_ci DEFAULT NULL,
  `status` tinyint NOT NULL DEFAULT '0',
  `pix_key` varchar(191) CHARACTER SET utf8mb4 COLLATE utf8mb4_unicode_ci DEFAULT NULL,
  `pix_type` varchar(191) CHARACTER SET utf8mb4 COLLATE utf8mb4_unicode_ci DEFAULT NULL,
  `bank_info` text CHARACTER SET utf8mb4 COLLATE utf8mb4_unicode_ci,
  `currency` varchar(50) CHARACTER SET utf8mb4 COLLATE utf8mb4_unicode_ci DEFAULT NULL,
  `symbol` varchar(50) CHARACTER SET utf8mb4 COLLATE utf8mb4_unicode_ci DEFAULT NULL,
  `gateway` varchar(50) CHARACTER SET utf8mb4 COLLATE utf8mb4_unicode_ci DEFAULT NULL,
  `created_at` timestamp NULL DEFAULT NULL,
  `updated_at` timestamp NULL DEFAULT NULL,
  `in_queue` tinyint NOT NULL DEFAULT '0',
  `errors` json DEFAULT NULL
) ENGINE=MyISAM DEFAULT CHARSET=utf8mb4 COLLATE=utf8mb4_unicode_ci ROW_FORMAT=DYNAMIC;

--
-- Indexes for dumped tables
--

--
-- Indexes for table `affiliate_commissions`
--
ALTER TABLE `affiliate_commissions`
  ADD PRIMARY KEY (`id`) USING BTREE,
  ADD KEY `affiliate_commissions_user_id_index` (`user_id`) USING BTREE,
  ADD KEY `affiliate_commissions_inviter_index` (`inviter`) USING BTREE;

--
-- Indexes for table `affiliate_histories`
--
ALTER TABLE `affiliate_histories`
  ADD PRIMARY KEY (`id`) USING BTREE,
  ADD KEY `affiliate_histories_user_id_index` (`user_id`) USING BTREE,
  ADD KEY `affiliate_histories_inviter_index` (`inviter`) USING BTREE;

--
-- Indexes for table `affiliate_withdraws`
--
ALTER TABLE `affiliate_withdraws`
  ADD PRIMARY KEY (`id`) USING BTREE,
  ADD KEY `affiliate_withdraws_user_id_foreign` (`user_id`) USING BTREE;

--
-- Indexes for table `banners`
--
ALTER TABLE `banners`
  ADD PRIMARY KEY (`id`) USING BTREE;

--
-- Indexes for table `bonuses`
--
ALTER TABLE `bonuses`
  ADD PRIMARY KEY (`id`) USING BTREE;

--
-- Indexes for table `categories`
--
ALTER TABLE `categories`
  ADD PRIMARY KEY (`id`) USING BTREE,
  ADD UNIQUE KEY `casino_categories_slug_unique` (`slug`) USING BTREE;

--
-- Indexes for table `category_game`
--
ALTER TABLE `category_game`
  ADD KEY `category_games_category_id_foreign` (`category_id`) USING BTREE,
  ADD KEY `category_games_game_id_foreign` (`game_id`) USING BTREE;

--
-- Indexes for table `contact_messages`
--
ALTER TABLE `contact_messages`
  ADD PRIMARY KEY (`id`) USING BTREE;

--
-- Indexes for table `currencies`
--
ALTER TABLE `currencies`
  ADD PRIMARY KEY (`id`) USING BTREE;

--
-- Indexes for table `currency_alloweds`
--
ALTER TABLE `currency_alloweds`
  ADD PRIMARY KEY (`id`) USING BTREE,
  ADD KEY `currency_alloweds_currency_id_foreign` (`currency_id`) USING BTREE;

--
-- Indexes for table `custom_layouts`
--
ALTER TABLE `custom_layouts`
  ADD PRIMARY KEY (`id`) USING BTREE;

--
-- Indexes for table `custom_terms`
--
ALTER TABLE `custom_terms`
  ADD PRIMARY KEY (`id`) USING BTREE;

--
-- Indexes for table `deposits`
--
ALTER TABLE `deposits`
  ADD PRIMARY KEY (`id`) USING BTREE,
  ADD KEY `deposits_user_id_foreign` (`user_id`) USING BTREE;

--
-- Indexes for table `digito_pay_payments`
--
ALTER TABLE `digito_pay_payments`
  ADD PRIMARY KEY (`id`) USING BTREE,
  ADD KEY `digito_pay_payments_user_id_index` (`user_id`) USING BTREE,
  ADD KEY `digito_pay_payments_withdrawal_id_index` (`withdrawal_id`) USING BTREE;

--
-- Indexes for table `domains`
--
ALTER TABLE `domains`
  ADD PRIMARY KEY (`id`),
  ADD UNIQUE KEY `domains_domain_unique` (`domain`),
  ADD KEY `domains_tenant_id_foreign` (`tenant_id`);

--
-- Indexes for table `failed_jobs`
--
ALTER TABLE `failed_jobs`
  ADD PRIMARY KEY (`id`) USING BTREE,
  ADD UNIQUE KEY `failed_jobs_uuid_unique` (`uuid`) USING BTREE;

--
-- Indexes for table `games`
--
ALTER TABLE `games`
  ADD PRIMARY KEY (`id`) USING BTREE,
  ADD KEY `games_provider_id_index` (`provider_id`) USING BTREE,
  ADD KEY `games_game_code_index` (`game_code`) USING BTREE;

--
-- Indexes for table `game_favorites`
--
ALTER TABLE `game_favorites`
  ADD PRIMARY KEY (`id`) USING BTREE,
  ADD UNIQUE KEY `game_favorites_user_id_game_id_unique` (`user_id`,`game_id`) USING BTREE,
  ADD KEY `game_favorites_game_id_foreign` (`game_id`) USING BTREE;

--
-- Indexes for table `game_likes`
--
ALTER TABLE `game_likes`
  ADD UNIQUE KEY `game_likes_user_id_game_id_unique` (`user_id`,`game_id`) USING BTREE,
  ADD KEY `game_likes_game_id_foreign` (`game_id`) USING BTREE;

--
-- Indexes for table `game_reviews`
--
ALTER TABLE `game_reviews`
  ADD UNIQUE KEY `game_reviews_user_id_game_id_unique` (`user_id`,`game_id`) USING BTREE,
  ADD KEY `game_reviews_game_id_foreign` (`game_id`) USING BTREE;

--
-- Indexes for table `ggds_spin_config`
--
ALTER TABLE `ggds_spin_config`
  ADD PRIMARY KEY (`id`) USING BTREE;

--
-- Indexes for table `ggr_games`
--
ALTER TABLE `ggr_games`
  ADD PRIMARY KEY (`id`) USING BTREE,
  ADD KEY `ggr_games_fivers_user_id_index` (`user_id`) USING BTREE;

--
-- Indexes for table `likes`
--
ALTER TABLE `likes`
  ADD PRIMARY KEY (`id`) USING BTREE,
  ADD KEY `likes_user_id_foreign` (`user_id`) USING BTREE,
  ADD KEY `likes_liked_user_id_foreign` (`liked_user_id`) USING BTREE;

--
-- Indexes for table `migrations`
--
ALTER TABLE `migrations`
  ADD PRIMARY KEY (`id`) USING BTREE;

--
-- Indexes for table `missions`
--
ALTER TABLE `missions`
  ADD PRIMARY KEY (`id`) USING BTREE;

--
-- Indexes for table `mission_users`
--
ALTER TABLE `mission_users`
  ADD PRIMARY KEY (`id`) USING BTREE,
  ADD KEY `mission_users_user_id_index` (`user_id`) USING BTREE,
  ADD KEY `mission_users_mission_id_index` (`mission_id`) USING BTREE;

--
-- Indexes for table `model_has_permissions`
--
ALTER TABLE `model_has_permissions`
  ADD PRIMARY KEY (`permission_id`,`model_id`,`model_type`) USING BTREE,
  ADD KEY `model_has_permissions_model_id_model_type_index` (`model_id`,`model_type`) USING BTREE;

--
-- Indexes for table `model_has_roles`
--
ALTER TABLE `model_has_roles`
  ADD PRIMARY KEY (`role_id`,`model_id`,`model_type`) USING BTREE,
  ADD KEY `model_has_roles_model_id_model_type_index` (`model_id`,`model_type`) USING BTREE;

--
-- Indexes for table `notifications`
--
ALTER TABLE `notifications`
  ADD PRIMARY KEY (`id`) USING BTREE,
  ADD KEY `notifications_notifiable_type_notifiable_id_index` (`notifiable_type`,`notifiable_id`) USING BTREE;

--
-- Indexes for table `permissions`
--
ALTER TABLE `permissions`
  ADD PRIMARY KEY (`id`) USING BTREE,
  ADD UNIQUE KEY `permissions_name_guard_name_unique` (`name`,`guard_name`) USING BTREE;

--
-- Indexes for table `providers`
--
ALTER TABLE `providers`
  ADD PRIMARY KEY (`id`) USING BTREE;

--
-- Indexes for table `roles`
--
ALTER TABLE `roles`
  ADD PRIMARY KEY (`id`) USING BTREE,
  ADD UNIQUE KEY `roles_name_guard_name_unique` (`name`,`guard_name`) USING BTREE;

--
-- Indexes for table `role_has_permissions`
--
ALTER TABLE `role_has_permissions`
  ADD PRIMARY KEY (`permission_id`,`role_id`) USING BTREE,
  ADD KEY `role_has_permissions_role_id_foreign` (`role_id`) USING BTREE;

--
-- Indexes for table `sub_affiliates`
--
ALTER TABLE `sub_affiliates`
  ADD PRIMARY KEY (`id`) USING BTREE,
  ADD KEY `sub_affiliates_affiliate_id_index` (`affiliate_id`) USING BTREE,
  ADD KEY `sub_affiliates_user_id_index` (`user_id`) USING BTREE;

--
-- Indexes for table `system_wallets`
--
ALTER TABLE `system_wallets`
  ADD PRIMARY KEY (`id`) USING BTREE;

--
-- Indexes for table `tenant_users`
--
ALTER TABLE `tenant_users`
  ADD PRIMARY KEY (`id`);

--
-- Indexes for table `vips`
--
ALTER TABLE `vips`
  ADD PRIMARY KEY (`id`) USING BTREE;

--
-- Indexes for table `vip_users`
--
ALTER TABLE `vip_users`
  ADD PRIMARY KEY (`id`) USING BTREE,
  ADD KEY `vip_users_user_id_index` (`user_id`) USING BTREE,
  ADD KEY `vip_users_vip_id_index` (`vip_id`) USING BTREE;

--
-- Indexes for table `wallets`
--
ALTER TABLE `wallets`
  ADD PRIMARY KEY (`id`) USING BTREE,
  ADD KEY `wallets_user_id_index` (`user_id`) USING BTREE;

--
-- Indexes for table `wallet_changes`
--
ALTER TABLE `wallet_changes`
  ADD PRIMARY KEY (`id`) USING BTREE,
  ADD KEY `wallet_changes_user_id_foreign` (`user_id`) USING BTREE;

--
-- Indexes for table `webhooks`
--
ALTER TABLE `webhooks`
  ADD PRIMARY KEY (`id`);

--
-- Indexes for table `websockets_statistics_entries`
--
ALTER TABLE `websockets_statistics_entries`
  ADD PRIMARY KEY (`id`) USING BTREE;

--
-- Indexes for table `withdrawals`
--
ALTER TABLE `withdrawals`
  ADD PRIMARY KEY (`id`) USING BTREE,
  ADD KEY `withdrawals_user_id_foreign` (`user_id`) USING BTREE;

--
-- AUTO_INCREMENT for dumped tables
--

--
-- AUTO_INCREMENT for table `affiliate_commissions`
--
ALTER TABLE `affiliate_commissions`
  MODIFY `id` bigint UNSIGNED NOT NULL AUTO_INCREMENT;

--
-- AUTO_INCREMENT for table `affiliate_histories`
--
ALTER TABLE `affiliate_histories`
  MODIFY `id` bigint UNSIGNED NOT NULL AUTO_INCREMENT;

--
-- AUTO_INCREMENT for table `affiliate_withdraws`
--
ALTER TABLE `affiliate_withdraws`
  MODIFY `id` bigint UNSIGNED NOT NULL AUTO_INCREMENT;

--
-- AUTO_INCREMENT for table `banners`
--
ALTER TABLE `banners`
  MODIFY `id` bigint UNSIGNED NOT NULL AUTO_INCREMENT, AUTO_INCREMENT=24;

--
-- AUTO_INCREMENT for table `bonuses`
--
ALTER TABLE `bonuses`
  MODIFY `id` bigint UNSIGNED NOT NULL AUTO_INCREMENT, AUTO_INCREMENT=7;

--
-- AUTO_INCREMENT for table `categories`
--
ALTER TABLE `categories`
  MODIFY `id` bigint UNSIGNED NOT NULL AUTO_INCREMENT, AUTO_INCREMENT=24;

--
-- AUTO_INCREMENT for table `contact_messages`
--
ALTER TABLE `contact_messages`
  MODIFY `id` bigint UNSIGNED NOT NULL AUTO_INCREMENT, AUTO_INCREMENT=7;

--
-- AUTO_INCREMENT for table `currencies`
--
ALTER TABLE `currencies`
  MODIFY `id` bigint UNSIGNED NOT NULL AUTO_INCREMENT, AUTO_INCREMENT=114;

--
-- AUTO_INCREMENT for table `currency_alloweds`
--
ALTER TABLE `currency_alloweds`
  MODIFY `id` bigint UNSIGNED NOT NULL AUTO_INCREMENT;

--
-- AUTO_INCREMENT for table `custom_layouts`
--
ALTER TABLE `custom_layouts`
  MODIFY `id` bigint UNSIGNED NOT NULL AUTO_INCREMENT, AUTO_INCREMENT=2;

--
-- AUTO_INCREMENT for table `custom_terms`
--
ALTER TABLE `custom_terms`
  MODIFY `id` bigint UNSIGNED NOT NULL AUTO_INCREMENT, AUTO_INCREMENT=2;

--
-- AUTO_INCREMENT for table `deposits`
--
ALTER TABLE `deposits`
  MODIFY `id` bigint UNSIGNED NOT NULL AUTO_INCREMENT;

--
-- AUTO_INCREMENT for table `digito_pay_payments`
--
ALTER TABLE `digito_pay_payments`
  MODIFY `id` bigint UNSIGNED NOT NULL AUTO_INCREMENT;

--
-- AUTO_INCREMENT for table `domains`
--
ALTER TABLE `domains`
  MODIFY `id` int UNSIGNED NOT NULL AUTO_INCREMENT, AUTO_INCREMENT=8;

--
-- AUTO_INCREMENT for table `failed_jobs`
--
ALTER TABLE `failed_jobs`
  MODIFY `id` bigint UNSIGNED NOT NULL AUTO_INCREMENT;

--
-- AUTO_INCREMENT for table `games`
--
ALTER TABLE `games`
  MODIFY `id` bigint UNSIGNED NOT NULL AUTO_INCREMENT, AUTO_INCREMENT=1429;

--
-- AUTO_INCREMENT for table `game_favorites`
--
ALTER TABLE `game_favorites`
  MODIFY `id` bigint UNSIGNED NOT NULL AUTO_INCREMENT;

--
-- AUTO_INCREMENT for table `ggds_spin_config`
--
ALTER TABLE `ggds_spin_config`
  MODIFY `id` bigint UNSIGNED NOT NULL AUTO_INCREMENT, AUTO_INCREMENT=2;

--
-- AUTO_INCREMENT for table `ggr_games`
--
ALTER TABLE `ggr_games`
  MODIFY `id` bigint UNSIGNED NOT NULL AUTO_INCREMENT;

--
-- AUTO_INCREMENT for table `likes`
--
ALTER TABLE `likes`
  MODIFY `id` bigint UNSIGNED NOT NULL AUTO_INCREMENT;

--
-- AUTO_INCREMENT for table `migrations`
--
ALTER TABLE `migrations`
  MODIFY `id` int UNSIGNED NOT NULL AUTO_INCREMENT, AUTO_INCREMENT=130;

--
-- AUTO_INCREMENT for table `missions`
--
ALTER TABLE `missions`
  MODIFY `id` bigint UNSIGNED NOT NULL AUTO_INCREMENT, AUTO_INCREMENT=3;

--
-- AUTO_INCREMENT for table `mission_users`
--
ALTER TABLE `mission_users`
  MODIFY `id` bigint UNSIGNED NOT NULL AUTO_INCREMENT;

--
-- AUTO_INCREMENT for table `permissions`
--
ALTER TABLE `permissions`
  MODIFY `id` bigint UNSIGNED NOT NULL AUTO_INCREMENT, AUTO_INCREMENT=42;

--
-- AUTO_INCREMENT for table `providers`
--
ALTER TABLE `providers`
  MODIFY `id` bigint UNSIGNED NOT NULL AUTO_INCREMENT, AUTO_INCREMENT=166;

--
-- AUTO_INCREMENT for table `roles`
--
ALTER TABLE `roles`
  MODIFY `id` bigint UNSIGNED NOT NULL AUTO_INCREMENT, AUTO_INCREMENT=4;

--
-- AUTO_INCREMENT for table `sub_affiliates`
--
ALTER TABLE `sub_affiliates`
  MODIFY `id` bigint UNSIGNED NOT NULL AUTO_INCREMENT;

--
-- AUTO_INCREMENT for table `system_wallets`
--
ALTER TABLE `system_wallets`
  MODIFY `id` bigint UNSIGNED NOT NULL AUTO_INCREMENT, AUTO_INCREMENT=2;

--
-- AUTO_INCREMENT for table `tenant_users`
--
ALTER TABLE `tenant_users`
  MODIFY `id` bigint UNSIGNED NOT NULL AUTO_INCREMENT;

--
-- AUTO_INCREMENT for table `vips`
--
ALTER TABLE `vips`
  MODIFY `id` bigint UNSIGNED NOT NULL AUTO_INCREMENT, AUTO_INCREMENT=3;

--
-- AUTO_INCREMENT for table `vip_users`
--
ALTER TABLE `vip_users`
  MODIFY `id` bigint UNSIGNED NOT NULL AUTO_INCREMENT;

--
-- AUTO_INCREMENT for table `wallets`
--
ALTER TABLE `wallets`
  MODIFY `id` bigint UNSIGNED NOT NULL AUTO_INCREMENT, AUTO_INCREMENT=65;

--
-- AUTO_INCREMENT for table `wallet_changes`
--
ALTER TABLE `wallet_changes`
  MODIFY `id` bigint UNSIGNED NOT NULL AUTO_INCREMENT;

--
-- AUTO_INCREMENT for table `webhooks`
--
ALTER TABLE `webhooks`
  MODIFY `id` bigint UNSIGNED NOT NULL AUTO_INCREMENT, AUTO_INCREMENT=2;

--
-- AUTO_INCREMENT for table `websockets_statistics_entries`
--
ALTER TABLE `websockets_statistics_entries`
  MODIFY `id` int UNSIGNED NOT NULL AUTO_INCREMENT;

--
-- AUTO_INCREMENT for table `withdrawals`
--
ALTER TABLE `withdrawals`
  MODIFY `id` bigint UNSIGNED NOT NULL AUTO_INCREMENT;

--
-- Constraints for dumped tables
--

--
-- Constraints for table `domains`
--
ALTER TABLE `domains`
  ADD CONSTRAINT `domains_tenant_id_foreign` FOREIGN KEY (`tenant_id`) REFERENCES `tenants` (`id`) ON DELETE CASCADE ON UPDATE CASCADE;

--
-- Constraints for table `model_has_permissions`
--
ALTER TABLE `model_has_permissions`
  ADD CONSTRAINT `model_has_permissions_permission_id_foreign` FOREIGN KEY (`permission_id`) REFERENCES `permissions` (`id`) ON DELETE CASCADE ON UPDATE RESTRICT;

--
-- Constraints for table `model_has_roles`
--
ALTER TABLE `model_has_roles`
  ADD CONSTRAINT `model_has_roles_role_id_foreign` FOREIGN KEY (`role_id`) REFERENCES `roles` (`id`) ON DELETE CASCADE ON UPDATE RESTRICT;

--
-- Constraints for table `role_has_permissions`
--
ALTER TABLE `role_has_permissions`
  ADD CONSTRAINT `role_has_permissions_permission_id_foreign` FOREIGN KEY (`permission_id`) REFERENCES `permissions` (`id`) ON DELETE CASCADE ON UPDATE RESTRICT,
  ADD CONSTRAINT `role_has_permissions_role_id_foreign` FOREIGN KEY (`role_id`) REFERENCES `roles` (`id`) ON DELETE CASCADE ON UPDATE RESTRICT;
COMMIT;

